Last updated on 2025-10-25 17:48:37 CEST.
| Flavor | Version | Tinstall | Tcheck | Ttotal | Status | Flags |
|---|---|---|---|---|---|---|
| r-devel-linux-x86_64-debian-clang | 0.3.0 | 1.78 | 22.89 | 24.67 | OK | |
| r-devel-linux-x86_64-debian-gcc | 0.3.0 | 1.44 | 18.64 | 20.08 | OK | |
| r-devel-linux-x86_64-fedora-clang | 0.3.0 | 35.81 | OK | |||
| r-devel-linux-x86_64-fedora-gcc | 0.3.0 | 33.06 | OK | |||
| r-devel-windows-x86_64 | 0.3.0 | 2.00 | 42.00 | 44.00 | OK | |
| r-patched-linux-x86_64 | 0.3.0 | 1.74 | 20.71 | 22.45 | OK | |
| r-release-linux-x86_64 | 0.3.0 | 1.57 | 20.66 | 22.23 | OK | |
| r-release-macos-arm64 | 0.3.0 | 1.00 | 16.00 | 17.00 | OK | |
| r-release-macos-x86_64 | 0.3.0 | 2.00 | 28.00 | 30.00 | OK | |
| r-release-windows-x86_64 | 0.3.0 | 2.00 | 43.00 | 45.00 | OK | |
| r-oldrel-macos-arm64 | 0.3.0 | 1.00 | 15.00 | 16.00 | NOTE | |
| r-oldrel-macos-x86_64 | 0.3.0 | 2.00 | 22.00 | 24.00 | NOTE | |
| r-oldrel-windows-x86_64 | 0.3.0 | 2.00 | 50.00 | 52.00 | NOTE |
Version: 0.3.0
Check: LazyData
Result: NOTE
'LazyData' is specified without a 'data' directory
Flavors: r-oldrel-macos-arm64, r-oldrel-macos-x86_64, r-oldrel-windows-x86_64