CRAN Package Check Results for Package funique

Last updated on 2025-11-26 09:51:16 CET.

Flavor Version Tinstall Tcheck Ttotal Status Flags
r-devel-linux-x86_64-debian-clang 0.0.1 1.57 21.65 23.22 OK
r-devel-linux-x86_64-debian-gcc 0.0.1 1.25 18.00 19.25 OK
r-devel-linux-x86_64-fedora-clang 0.0.1 33.16 OK
r-devel-linux-x86_64-fedora-gcc 0.0.1 30.01 OK
r-devel-windows-x86_64 0.0.1 3.00 44.00 47.00 OK
r-patched-linux-x86_64 0.0.1 1.48 19.15 20.63 OK
r-release-linux-x86_64 0.0.1 1.56 19.02 20.58 OK
r-release-macos-arm64 0.0.1 OK
r-release-macos-x86_64 0.0.1 2.00 28.00 30.00 OK
r-release-windows-x86_64 0.0.1 5.00 43.00 48.00 OK
r-oldrel-macos-arm64 0.0.1 NOTE
r-oldrel-macos-x86_64 0.0.1 2.00 22.00 24.00 NOTE
r-oldrel-windows-x86_64 0.0.1 2.00 46.00 48.00 NOTE

Check Details

Version: 0.0.1
Check: LazyData
Result: NOTE 'LazyData' is specified without a 'data' directory Flavors: r-oldrel-macos-arm64, r-oldrel-macos-x86_64, r-oldrel-windows-x86_64