Last updated on 2025-10-25 09:49:31 CEST.
| Flavor | Version | Tinstall | Tcheck | Ttotal | Status | Flags |
|---|---|---|---|---|---|---|
| r-devel-linux-x86_64-debian-clang | 0.0.1 | 1.66 | 21.55 | 23.21 | OK | |
| r-devel-linux-x86_64-debian-gcc | 0.0.1 | 1.35 | 18.17 | 19.52 | OK | |
| r-devel-linux-x86_64-fedora-clang | 0.0.1 | 32.27 | OK | |||
| r-devel-linux-x86_64-fedora-gcc | 0.0.1 | 30.08 | OK | |||
| r-devel-windows-x86_64 | 0.0.1 | 2.00 | 44.00 | 46.00 | OK | |
| r-patched-linux-x86_64 | 0.0.1 | 1.58 | 19.31 | 20.89 | OK | |
| r-release-linux-x86_64 | 0.0.1 | 1.52 | 19.35 | 20.87 | OK | |
| r-release-macos-arm64 | 0.0.1 | 1.00 | 16.00 | 17.00 | OK | |
| r-release-macos-x86_64 | 0.0.1 | 2.00 | 28.00 | 30.00 | OK | |
| r-release-windows-x86_64 | 0.0.1 | 3.00 | 45.00 | 48.00 | OK | |
| r-oldrel-macos-arm64 | 0.0.1 | 1.00 | 15.00 | 16.00 | NOTE | |
| r-oldrel-macos-x86_64 | 0.0.1 | 2.00 | 22.00 | 24.00 | NOTE | |
| r-oldrel-windows-x86_64 | 0.0.1 | 2.00 | 48.00 | 50.00 | NOTE |
Version: 0.0.1
Check: LazyData
Result: NOTE
'LazyData' is specified without a 'data' directory
Flavors: r-oldrel-macos-arm64, r-oldrel-macos-x86_64, r-oldrel-windows-x86_64