Last updated on 2025-10-26 09:49:56 CET.
| Flavor | Version | Tinstall | Tcheck | Ttotal | Status | Flags |
|---|---|---|---|---|---|---|
| r-devel-linux-x86_64-debian-clang | 1.0.1 | 2.93 | 111.49 | 114.42 | NOTE | |
| r-devel-linux-x86_64-debian-gcc | 1.0.1 | 2.28 | 66.47 | 68.75 | NOTE | |
| r-devel-linux-x86_64-fedora-clang | 1.0.1 | 10.00 | 168.46 | 178.46 | OK | |
| r-devel-linux-x86_64-fedora-gcc | 1.0.1 | 188.34 | OK | |||
| r-devel-windows-x86_64 | 1.0.1 | 8.00 | 112.00 | 120.00 | OK | |
| r-patched-linux-x86_64 | 1.0.1 | 3.68 | 106.98 | 110.66 | OK | |
| r-release-linux-x86_64 | 1.0.1 | 3.31 | 106.09 | 109.40 | OK | |
| r-release-macos-arm64 | 1.0.1 | 1.00 | 55.00 | 56.00 | OK | |
| r-release-macos-x86_64 | 1.0.1 | 3.00 | 124.00 | 127.00 | OK | |
| r-release-windows-x86_64 | 1.0.1 | 11.00 | 112.00 | 123.00 | OK | |
| r-oldrel-macos-arm64 | 1.0.1 | 2.00 | 48.00 | 50.00 | OK | |
| r-oldrel-macos-x86_64 | 1.0.1 | 3.00 | 101.00 | 104.00 | OK | |
| r-oldrel-windows-x86_64 | 1.0.1 | 9.00 | 162.00 | 171.00 | OK |
Version: 1.0.1
Check: CRAN incoming feasibility
Result: NOTE
Maintainer: ‘Sarah P. Flanagan <spflanagan.phd@gmail.com>’
No Authors@R field in DESCRIPTION.
Please add one, modifying
Authors@R: c(person(given = c("Sarah", "P."),
family = "Flanagan",
role = c("aut", "cre"),
email = "spflanagan.phd@gmail.com"),
person(given = c("Adam", "G."),
family = "Jones",
role = "aut"))
as necessary.
Flavors: r-devel-linux-x86_64-debian-clang, r-devel-linux-x86_64-debian-gcc