Last updated on 2025-10-25 09:49:30 CEST.
| Flavor | Version | Tinstall | Tcheck | Ttotal | Status | Flags |
|---|---|---|---|---|---|---|
| r-devel-linux-x86_64-debian-clang | 0.0-6 | 23.91 | 129.04 | 152.95 | NOTE | |
| r-devel-linux-x86_64-debian-gcc | 0.0-6 | 19.31 | 91.40 | 110.71 | NOTE | |
| r-devel-linux-x86_64-fedora-clang | 0.0-6 | 77.00 | 186.58 | 263.58 | OK | |
| r-devel-linux-x86_64-fedora-gcc | 0.0-6 | 54.00 | 204.32 | 258.32 | OK | |
| r-devel-windows-x86_64 | 0.0-6 | 34.00 | 148.00 | 182.00 | OK | |
| r-patched-linux-x86_64 | 0.0-6 | 30.70 | 124.62 | 155.32 | OK | |
| r-release-linux-x86_64 | 0.0-6 | 28.57 | 123.49 | 152.06 | OK | |
| r-release-macos-arm64 | 0.0-6 | 12.00 | 65.00 | 77.00 | OK | |
| r-release-macos-x86_64 | 0.0-6 | 17.00 | 120.00 | 137.00 | OK | |
| r-release-windows-x86_64 | 0.0-6 | 34.00 | 150.00 | 184.00 | OK | |
| r-oldrel-macos-arm64 | 0.0-6 | 12.00 | 61.00 | 73.00 | OK | |
| r-oldrel-macos-x86_64 | 0.0-6 | 31.00 | 216.00 | 247.00 | OK | |
| r-oldrel-windows-x86_64 | 0.0-6 | 41.00 | 197.00 | 238.00 | OK |
Version: 0.0-6
Check: CRAN incoming feasibility
Result: NOTE
Maintainer: ‘Robin K. S. Hankin <hankin.robin@gmail.com>’
The BugReports field in DESCRIPTION has
https://github.com/RobinHankin/frab
which should likely be
https://github.com/RobinHankin/frab/issues
instead.
Flavors: r-devel-linux-x86_64-debian-clang, r-devel-linux-x86_64-debian-gcc