Last updated on 2025-10-25 05:50:02 CEST.
| Flavor | Version | Tinstall | Tcheck | Ttotal | Status | Flags |
|---|---|---|---|---|---|---|
| r-devel-linux-x86_64-debian-clang | 0.1.1 | 0.99 | 9.51 | 10.50 | OK | |
| r-devel-linux-x86_64-debian-gcc | 0.1.1 | 0.88 | 7.85 | 8.73 | OK | |
| r-devel-linux-x86_64-fedora-clang | 0.1.1 | 15.79 | OK | |||
| r-devel-linux-x86_64-fedora-gcc | 0.1.1 | 15.40 | OK | |||
| r-devel-windows-x86_64 | 0.1.1 | 2.00 | 17.00 | 19.00 | OK | |
| r-patched-linux-x86_64 | 0.1.1 | 0.99 | 8.39 | 9.38 | OK | |
| r-release-linux-x86_64 | 0.1.1 | 1.07 | 8.49 | 9.56 | OK | |
| r-release-macos-arm64 | 0.1.1 | 1.00 | 10.00 | 11.00 | OK | |
| r-release-macos-x86_64 | 0.1.1 | 2.00 | 16.00 | 18.00 | OK | |
| r-release-windows-x86_64 | 0.1.1 | 2.00 | 20.00 | 22.00 | OK | |
| r-oldrel-macos-arm64 | 0.1.1 | 1.00 | 14.00 | 15.00 | NOTE | |
| r-oldrel-macos-x86_64 | 0.1.1 | 1.00 | 11.00 | 12.00 | NOTE | |
| r-oldrel-windows-x86_64 | 0.1.1 | 3.00 | 18.00 | 21.00 | NOTE |
Version: 0.1.1
Check: LazyData
Result: NOTE
'LazyData' is specified without a 'data' directory
Flavors: r-oldrel-macos-arm64, r-oldrel-macos-x86_64, r-oldrel-windows-x86_64