Last updated on 2025-11-26 17:49:53 CET.
| Flavor | Version | Tinstall | Tcheck | Ttotal | Status | Flags |
|---|---|---|---|---|---|---|
| r-devel-linux-x86_64-debian-clang | 0.1.3 | 14.65 | 52.97 | 67.62 | OK | |
| r-devel-linux-x86_64-debian-gcc | 0.1.3 | 10.07 | 37.72 | 47.79 | OK | |
| r-devel-linux-x86_64-fedora-clang | 0.1.3 | 110.00 | 16.28 | 126.28 | NOTE | |
| r-devel-linux-x86_64-fedora-gcc | 0.1.3 | 32.00 | 89.98 | 121.98 | NOTE | |
| r-devel-windows-x86_64 | 0.1.3 | 29.00 | 82.00 | 111.00 | OK | |
| r-patched-linux-x86_64 | 0.1.3 | 14.27 | 50.63 | 64.90 | OK | |
| r-release-linux-x86_64 | 0.1.3 | 14.96 | 50.72 | 65.68 | OK | |
| r-release-macos-arm64 | 0.1.3 | OK | ||||
| r-release-macos-x86_64 | 0.1.3 | 11.00 | 59.00 | 70.00 | OK | |
| r-release-windows-x86_64 | 0.1.3 | 22.00 | 80.00 | 102.00 | OK | |
| r-oldrel-macos-arm64 | 0.1.3 | OK | ||||
| r-oldrel-macos-x86_64 | 0.1.3 | 9.00 | 55.00 | 64.00 | OK | |
| r-oldrel-windows-x86_64 | 0.1.3 | 26.00 | 100.00 | 126.00 | OK |
Version: 0.1.3
Check: dependencies in R code
Result: NOTE
Namespaces in Imports field not imported from:
‘kableExtra’ ‘knitr’ ‘rmarkdown’
All declared Imports should be used.
Flavors: r-devel-linux-x86_64-fedora-clang, r-devel-linux-x86_64-fedora-gcc