Last updated on 2025-07-12 13:48:26 CEST.
Flavor | Version | Tinstall | Tcheck | Ttotal | Status | Flags |
---|---|---|---|---|---|---|
r-devel-linux-x86_64-debian-clang | 0.1.3 | 15.40 | 53.88 | 69.28 | OK | |
r-devel-linux-x86_64-debian-gcc | 0.1.3 | 10.80 | 36.56 | 47.36 | OK | |
r-devel-linux-x86_64-fedora-clang | 0.1.3 | 116.43 | NOTE | |||
r-devel-linux-x86_64-fedora-gcc | 0.1.3 | 125.29 | NOTE | |||
r-devel-windows-x86_64 | 0.1.3 | 21.00 | 86.00 | 107.00 | OK | |
r-patched-linux-x86_64 | 0.1.3 | 15.62 | 49.20 | 64.82 | OK | |
r-release-linux-x86_64 | 0.1.3 | 14.58 | 49.49 | 64.07 | OK | |
r-release-macos-arm64 | 0.1.3 | 50.00 | OK | |||
r-release-macos-x86_64 | 0.1.3 | 70.00 | OK | |||
r-release-windows-x86_64 | 0.1.3 | 21.00 | 86.00 | 107.00 | OK | |
r-oldrel-macos-arm64 | 0.1.3 | 35.00 | OK | |||
r-oldrel-macos-x86_64 | 0.1.3 | 64.00 | OK | |||
r-oldrel-windows-x86_64 | 0.1.3 | 25.00 | 102.00 | 127.00 | OK |
Version: 0.1.3
Check: dependencies in R code
Result: NOTE
Namespaces in Imports field not imported from:
‘kableExtra’ ‘knitr’ ‘rmarkdown’
All declared Imports should be used.
Flavors: r-devel-linux-x86_64-fedora-clang, r-devel-linux-x86_64-fedora-gcc