Last updated on 2025-11-26 09:51:16 CET.
| Flavor | Version | Tinstall | Tcheck | Ttotal | Status | Flags |
|---|---|---|---|---|---|---|
| r-devel-linux-x86_64-debian-clang | 0.2.0 | 5.97 | 85.21 | 91.18 | NOTE | |
| r-devel-linux-x86_64-debian-gcc | 0.2.0 | 3.52 | 62.09 | 65.61 | NOTE | |
| r-devel-linux-x86_64-fedora-clang | 0.2.0 | 14.00 | 129.32 | 143.32 | NOTE | |
| r-devel-linux-x86_64-fedora-gcc | 0.2.0 | 12.00 | 138.15 | 150.15 | NOTE | |
| r-devel-windows-x86_64 | 0.2.0 | 12.00 | 106.00 | 118.00 | NOTE | |
| r-patched-linux-x86_64 | 0.2.0 | 5.99 | 79.27 | 85.26 | NOTE | |
| r-release-linux-x86_64 | 0.2.0 | 5.74 | 80.71 | 86.45 | NOTE | |
| r-release-macos-arm64 | 0.2.0 | NOTE | ||||
| r-release-macos-x86_64 | 0.2.0 | 5.00 | 93.00 | 98.00 | NOTE | |
| r-release-windows-x86_64 | 0.2.0 | 8.00 | 107.00 | 115.00 | NOTE | |
| r-oldrel-macos-arm64 | 0.2.0 | NOTE | ||||
| r-oldrel-macos-x86_64 | 0.2.0 | 7.00 | 134.00 | 141.00 | NOTE | |
| r-oldrel-windows-x86_64 | 0.2.0 | 11.00 | 132.00 | 143.00 | NOTE |
Version: 0.2.0
Check: Rd files
Result: NOTE
checkRd: (-1) flow_embed.Rd:30: Lost braces; missing escapes or markup?
30 | \item Don't forget to add {flow} to Suggests in your DESCRIPTION file.
| ^
Flavors: r-devel-linux-x86_64-debian-clang, r-devel-linux-x86_64-debian-gcc, r-devel-linux-x86_64-fedora-clang, r-devel-linux-x86_64-fedora-gcc, r-devel-windows-x86_64, r-patched-linux-x86_64, r-release-linux-x86_64, r-release-macos-arm64, r-release-macos-x86_64, r-release-windows-x86_64, r-oldrel-macos-arm64, r-oldrel-macos-x86_64, r-oldrel-windows-x86_64