Last updated on 2025-10-26 13:49:56 CET.
| Flavor | Version | Tinstall | Tcheck | Ttotal | Status | Flags |
|---|---|---|---|---|---|---|
| r-devel-linux-x86_64-debian-clang | 0.1.1 | 8.75 | 72.49 | 81.24 | NOTE | |
| r-devel-linux-x86_64-debian-gcc | 0.1.1 | 6.12 | 54.73 | 60.85 | NOTE | |
| r-devel-linux-x86_64-fedora-clang | 0.1.1 | 28.00 | 100.44 | 128.44 | OK | |
| r-devel-linux-x86_64-fedora-gcc | 0.1.1 | 36.00 | 86.82 | 122.82 | OK | |
| r-devel-windows-x86_64 | 0.1.1 | 10.00 | 80.00 | 90.00 | OK | |
| r-patched-linux-x86_64 | 0.1.1 | 7.25 | 69.41 | 76.66 | OK | |
| r-release-linux-x86_64 | 0.1.1 | 8.46 | 69.23 | 77.69 | OK | |
| r-release-macos-arm64 | 0.1.1 | 5.00 | 40.00 | 45.00 | OK | |
| r-release-macos-x86_64 | 0.1.1 | 8.00 | 64.00 | 72.00 | OK | |
| r-release-windows-x86_64 | 0.1.1 | 10.00 | 93.00 | 103.00 | OK | |
| r-oldrel-macos-arm64 | 0.1.1 | 4.00 | 28.00 | 32.00 | OK | |
| r-oldrel-macos-x86_64 | 0.1.1 | 7.00 | 51.00 | 58.00 | OK | |
| r-oldrel-windows-x86_64 | 0.1.1 | 14.00 | 104.00 | 118.00 | OK |
Version: 0.1.1
Check: CRAN incoming feasibility
Result: NOTE
Maintainer: ‘Friederike Deiters <deiters@statistik.tu-dortmund.de>’
The Description field contains
see Kinsvater et al. (2017) <arXiv:1701.06455>.
Please refer to arXiv e-prints via their arXiv DOI <doi:10.48550/arXiv.YYMM.NNNNN>.
Flavors: r-devel-linux-x86_64-debian-clang, r-devel-linux-x86_64-debian-gcc