Last updated on 2025-10-25 13:48:37 CEST.
| Flavor | Version | Tinstall | Tcheck | Ttotal | Status | Flags |
|---|---|---|---|---|---|---|
| r-devel-linux-x86_64-debian-clang | 1.1 | 4.35 | 49.28 | 53.63 | NOTE | |
| r-devel-linux-x86_64-debian-gcc | 1.1 | 2.99 | 35.57 | 38.56 | NOTE | |
| r-devel-linux-x86_64-fedora-clang | 1.1 | 12.00 | 72.17 | 84.17 | NOTE | |
| r-devel-linux-x86_64-fedora-gcc | 1.1 | 20.00 | 79.82 | 99.82 | NOTE | |
| r-devel-windows-x86_64 | 1.1 | 5.00 | 64.00 | 69.00 | NOTE | |
| r-patched-linux-x86_64 | 1.1 | 3.76 | 45.16 | 48.92 | NOTE | |
| r-release-linux-x86_64 | 1.1 | 4.28 | 45.19 | 49.47 | NOTE | |
| r-release-macos-arm64 | 1.1 | 2.00 | 30.00 | 32.00 | NOTE | |
| r-release-macos-x86_64 | 1.1 | 5.00 | 64.00 | 69.00 | NOTE | |
| r-release-windows-x86_64 | 1.1 | 6.00 | 66.00 | 72.00 | NOTE | |
| r-oldrel-macos-arm64 | 1.1 | 2.00 | 28.00 | 30.00 | NOTE | |
| r-oldrel-macos-x86_64 | 1.1 | 5.00 | 50.00 | 55.00 | NOTE | |
| r-oldrel-windows-x86_64 | 1.1 | 8.00 | 79.00 | 87.00 | NOTE |
Version: 1.1
Check: Rd files
Result: NOTE
checkRd: (-1) fmp.Rd:45: Lost braces; missing escapes or markup?
45 | If k = 0: (xi_1, ..., x_{C_i - 1}, omega)
| ^
checkRd: (-1) fmp.Rd:47: Lost braces; missing escapes or markup?
47 | If k = 1: (xi_1, ..., x_{C_i - 1}, omega, alpha1, tau1)
| ^
checkRd: (-1) fmp.Rd:49: Lost braces; missing escapes or markup?
49 | If k = 2: (xi_1, ..., x_{C_i - 1}, omega, alpha1, tau1, alpha2, tau2)
| ^
Flavors: r-devel-linux-x86_64-debian-clang, r-devel-linux-x86_64-debian-gcc, r-devel-linux-x86_64-fedora-clang, r-devel-linux-x86_64-fedora-gcc, r-devel-windows-x86_64, r-patched-linux-x86_64, r-release-linux-x86_64, r-release-macos-arm64, r-release-macos-x86_64, r-release-windows-x86_64, r-oldrel-macos-arm64, r-oldrel-macos-x86_64, r-oldrel-windows-x86_64