Last updated on 2025-11-26 13:50:05 CET.
| Flavor | Version | Tinstall | Tcheck | Ttotal | Status | Flags |
|---|---|---|---|---|---|---|
| r-devel-linux-x86_64-fedora-clang | 1.0.2 | 57.00 | 169.20 | 226.20 | OK | |
| r-devel-linux-x86_64-fedora-gcc | 1.0.2 | 29.00 | 158.84 | 187.84 | OK | |
| r-release-macos-arm64 | 1.0.2 | 7.00 | 11.00 | 18.00 | OK | |
| r-release-macos-x86_64 | 1.0.2 | 74.00 | 64.00 | 138.00 | OK | |
| r-oldrel-macos-arm64 | 1.0.2 | 10.00 | 15.00 | 25.00 | NOTE | |
| r-oldrel-macos-x86_64 | 1.0.2 | 83.00 | 61.00 | 144.00 | NOTE | |
| r-oldrel-windows-x86_64 | 1.0.2 | 103.00 | 80.00 | 183.00 | OK |
Version: 1.0.2
Check: installed package size
Result: NOTE
installed size is 5.4Mb
sub-directories of 1Mb or more:
libs 5.3Mb
Flavors: r-oldrel-macos-arm64, r-oldrel-macos-x86_64