CRAN Package Check Results for Package fixtuRes

Last updated on 2025-07-10 05:49:14 CEST.

Flavor Version Tinstall Tcheck Ttotal Status Flags
r-devel-linux-x86_64-debian-clang 0.1.3 6.19 49.58 55.77 NOTE
r-devel-linux-x86_64-debian-gcc 0.1.3 4.91 36.30 41.21 NOTE
r-devel-linux-x86_64-fedora-clang 0.1.3 85.74 NOTE
r-devel-linux-x86_64-fedora-gcc 0.1.3 93.65 NOTE
r-devel-windows-x86_64 0.1.3 8.00 66.00 74.00 NOTE
r-patched-linux-x86_64 0.1.3 6.21 44.72 50.93 NOTE
r-release-linux-x86_64 0.1.3 5.83 45.36 51.19 NOTE
r-release-macos-arm64 0.1.3 62.00 NOTE
r-release-macos-x86_64 0.1.3 88.00 NOTE
r-release-windows-x86_64 0.1.3 8.00 68.00 76.00 NOTE
r-oldrel-macos-arm64 0.1.3 32.00 NOTE
r-oldrel-macos-x86_64 0.1.3 58.00 NOTE
r-oldrel-windows-x86_64 0.1.3 9.00 78.00 87.00 NOTE

Check Details

Version: 0.1.3
Check: Rd files
Result: NOTE checkRd: (-1) distribution_vector.Rd:14: Lost braces; missing escapes or markup? 14 | All standard distributions from {stats} package are covered. For a list | ^ Flavors: r-devel-linux-x86_64-debian-clang, r-devel-linux-x86_64-debian-gcc, r-devel-linux-x86_64-fedora-clang, r-devel-linux-x86_64-fedora-gcc, r-devel-windows-x86_64, r-patched-linux-x86_64, r-release-linux-x86_64, r-release-macos-arm64, r-release-macos-x86_64, r-release-windows-x86_64, r-oldrel-macos-arm64, r-oldrel-macos-x86_64, r-oldrel-windows-x86_64