Last updated on 2025-07-12 09:49:18 CEST.
Flavor | Version | Tinstall | Tcheck | Ttotal | Status | Flags |
---|---|---|---|---|---|---|
r-devel-linux-x86_64-debian-clang | 0.6.2 | 6.28 | 83.21 | 89.49 | OK | |
r-devel-linux-x86_64-debian-gcc | 0.6.2 | 5.15 | 58.76 | 63.91 | OK | |
r-devel-linux-x86_64-fedora-clang | 0.6.2 | 143.44 | NOTE | |||
r-devel-linux-x86_64-fedora-gcc | 0.6.2 | 151.01 | NOTE | |||
r-devel-windows-x86_64 | 0.6.2 | 10.00 | 97.00 | 107.00 | OK | |
r-patched-linux-x86_64 | 0.6.2 | 6.48 | 75.62 | 82.10 | OK | |
r-release-linux-x86_64 | 0.6.2 | 5.85 | 75.58 | 81.43 | OK | |
r-release-macos-arm64 | 0.6.2 | 82.00 | OK | |||
r-release-macos-x86_64 | 0.6.2 | 119.00 | OK | |||
r-release-windows-x86_64 | 0.6.2 | 10.00 | 98.00 | 108.00 | OK | |
r-oldrel-macos-arm64 | 0.6.2 | 42.00 | OK | |||
r-oldrel-macos-x86_64 | 0.6.2 | 76.00 | OK | |||
r-oldrel-windows-x86_64 | 0.6.2 | 11.00 | 117.00 | 128.00 | OK |
Version: 0.6.2
Check: dependencies in R code
Result: NOTE
Namespace in Imports field not imported from: ‘rstudioapi’
All declared Imports should be used.
Flavors: r-devel-linux-x86_64-fedora-clang, r-devel-linux-x86_64-fedora-gcc