Last updated on 2025-10-25 21:49:39 CEST.
| Flavor | Version | Tinstall | Tcheck | Ttotal | Status | Flags |
|---|---|---|---|---|---|---|
| r-devel-linux-x86_64-debian-clang | 1.0.2 | 33.65 | 81.66 | 115.31 | NOTE | |
| r-devel-linux-x86_64-debian-gcc | 1.0.2 | 27.76 | 61.30 | 89.06 | NOTE | |
| r-devel-linux-x86_64-fedora-clang | 1.0.2 | 128.00 | 84.90 | 212.90 | NOTE | |
| r-devel-linux-x86_64-fedora-gcc | 1.0.2 | 97.00 | 104.19 | 201.19 | NOTE | |
| r-devel-windows-x86_64 | 1.0.2 | 59.00 | 92.00 | 151.00 | NOTE | |
| r-patched-linux-x86_64 | 1.0.2 | 34.87 | 78.04 | 112.91 | NOTE | |
| r-release-linux-x86_64 | 1.0.2 | 33.87 | 78.29 | 112.16 | NOTE | |
| r-release-macos-arm64 | 1.0.2 | 57.00 | 49.00 | 106.00 | NOTE | |
| r-release-macos-x86_64 | 1.0.2 | 141.00 | 80.00 | 221.00 | NOTE | |
| r-release-windows-x86_64 | 1.0.2 | 71.00 | 93.00 | 164.00 | NOTE | |
| r-oldrel-macos-arm64 | 1.0.2 | 32.00 | 30.00 | 62.00 | NOTE | |
| r-oldrel-macos-x86_64 | 1.0.2 | 85.00 | 58.00 | 143.00 | NOTE | |
| r-oldrel-windows-x86_64 | 1.0.2 | 85.00 | 120.00 | 205.00 | NOTE |
Version: 1.0.2
Check: DESCRIPTION meta-information
Result: NOTE
Missing dependency on R >= 4.1.0 because package code uses the pipe
|> or function shorthand \(...) syntax added in R 4.1.0.
File(s) using such syntax:
‘app_server.R’
Flavors: r-devel-linux-x86_64-debian-clang, r-devel-linux-x86_64-debian-gcc, r-devel-linux-x86_64-fedora-clang, r-devel-linux-x86_64-fedora-gcc, r-devel-windows-x86_64, r-patched-linux-x86_64, r-release-linux-x86_64, r-release-macos-arm64, r-release-macos-x86_64, r-release-windows-x86_64
Version: 1.0.2
Check: package dependencies
Result: NOTE
Package suggested but not available for checking: ‘gridlayout’
Flavors: r-oldrel-macos-arm64, r-oldrel-macos-x86_64, r-oldrel-windows-x86_64
Version: 1.0.2
Check: installed package size
Result: NOTE
installed size is 6.3Mb
sub-directories of 1Mb or more:
data 6.1Mb
Flavors: r-oldrel-macos-arm64, r-oldrel-macos-x86_64, r-oldrel-windows-x86_64