Last updated on 2025-11-27 09:49:38 CET.
| Flavor | Version | Tinstall | Tcheck | Ttotal | Status | Flags |
|---|---|---|---|---|---|---|
| r-devel-linux-x86_64-debian-clang | 1.2.0 | 0.40 | 3.45 | 3.85 | ERROR | |
| r-devel-linux-x86_64-debian-gcc | 1.2.0 | 0.32 | 2.57 | 2.89 | ERROR | |
| r-devel-linux-x86_64-fedora-clang | 1.2.0 | 374.70 | OK | |||
| r-devel-linux-x86_64-fedora-gcc | 1.2.0 | 18.00 | 383.72 | 401.72 | OK | |
| r-devel-windows-x86_64 | 1.2.0 | 10.00 | 248.00 | 258.00 | OK | |
| r-patched-linux-x86_64 | 1.2.0 | 0.26 | 2.06 | 2.32 | ERROR | |
| r-release-linux-x86_64 | 1.2.0 | 4.18 | 228.24 | 232.42 | OK | |
| r-release-macos-arm64 | 1.2.0 | OK | ||||
| r-release-macos-x86_64 | 1.2.0 | 4.00 | 283.00 | 287.00 | OK | |
| r-release-windows-x86_64 | 1.2.0 | 7.00 | 242.00 | 249.00 | OK | |
| r-oldrel-macos-arm64 | 1.2.0 | OK | ||||
| r-oldrel-macos-x86_64 | 1.2.0 | 4.00 | 284.00 | 288.00 | OK | |
| r-oldrel-windows-x86_64 | 1.2.0 | 9.00 | 319.00 | 328.00 | OK |
Version: 1.2.0
Check: package dependencies
Result: ERROR
Package required but not available: ‘tmap’
See section ‘The DESCRIPTION file’ in the ‘Writing R Extensions’
manual.
Flavors: r-devel-linux-x86_64-debian-clang, r-devel-linux-x86_64-debian-gcc, r-patched-linux-x86_64