Last updated on 2025-10-25 13:48:36 CEST.
| Flavor | Version | Tinstall | Tcheck | Ttotal | Status | Flags |
|---|---|---|---|---|---|---|
| r-devel-linux-x86_64-debian-clang | 0.4.0 | 6.18 | 54.83 | 61.01 | OK | |
| r-devel-linux-x86_64-debian-gcc | 0.4.0 | 4.53 | 40.52 | 45.05 | OK | |
| r-devel-linux-x86_64-fedora-clang | 0.4.0 | 19.00 | 76.29 | 95.29 | OK | |
| r-devel-linux-x86_64-fedora-gcc | 0.4.0 | 12.00 | 73.13 | 85.13 | OK | |
| r-devel-windows-x86_64 | 0.4.0 | 8.00 | 66.00 | 74.00 | OK | |
| r-patched-linux-x86_64 | 0.4.0 | 6.10 | 49.49 | 55.59 | OK | |
| r-release-linux-x86_64 | 0.4.0 | 5.46 | 49.80 | 55.26 | OK | |
| r-release-macos-arm64 | 0.4.0 | 5.00 | 40.00 | 45.00 | OK | |
| r-release-macos-x86_64 | 0.4.0 | 5.00 | 61.00 | 66.00 | OK | |
| r-release-windows-x86_64 | 0.4.0 | 9.00 | 66.00 | 75.00 | OK | |
| r-oldrel-macos-arm64 | 0.4.0 | 3.00 | 25.00 | 28.00 | NOTE | |
| r-oldrel-macos-x86_64 | 0.4.0 | 7.00 | 53.00 | 60.00 | NOTE | |
| r-oldrel-windows-x86_64 | 0.4.0 | 12.00 | 78.00 | 90.00 | NOTE |
Version: 0.4.0
Check: LazyData
Result: NOTE
'LazyData' is specified without a 'data' directory
Flavors: r-oldrel-macos-arm64, r-oldrel-macos-x86_64, r-oldrel-windows-x86_64