Last updated on 2025-11-26 17:49:53 CET.
| Flavor | Version | Tinstall | Tcheck | Ttotal | Status | Flags |
|---|---|---|---|---|---|---|
| r-devel-linux-x86_64-debian-clang | 1.4 | 1.87 | 22.12 | 23.99 | OK | |
| r-devel-linux-x86_64-debian-gcc | 1.4 | 1.55 | 18.00 | 19.55 | OK | |
| r-devel-linux-x86_64-fedora-clang | 1.4 | 35.01 | OK | |||
| r-devel-linux-x86_64-fedora-gcc | 1.4 | 33.99 | OK | |||
| r-devel-windows-x86_64 | 1.4 | 4.00 | 44.00 | 48.00 | NOTE | |
| r-patched-linux-x86_64 | 1.4 | 2.03 | 20.46 | 22.49 | OK | |
| r-release-linux-x86_64 | 1.4 | 1.94 | 20.33 | 22.27 | OK | |
| r-release-macos-arm64 | 1.4 | OK | ||||
| r-release-macos-x86_64 | 1.4 | 2.00 | 22.00 | 24.00 | OK | |
| r-release-windows-x86_64 | 1.4 | 3.00 | 53.00 | 56.00 | OK | |
| r-oldrel-macos-arm64 | 1.4 | OK | ||||
| r-oldrel-macos-x86_64 | 1.4 | 2.00 | 27.00 | 29.00 | OK | |
| r-oldrel-windows-x86_64 | 1.4 | 3.00 | 53.00 | 56.00 | OK |
Version: 1.4
Check: Rd files
Result: NOTE
checkRd: (-1) fertilmodel-package.Rd:11-17: Only 3 columns allowed in this table (row 2 has 2)
checkRd: (-1) fertilmodel-package.Rd:11-17: Only 3 columns allowed in this table (row 3 has 2)
checkRd: (-1) fertilmodel-package.Rd:11-17: Only 3 columns allowed in this table (row 4 has 2)
Flavor: r-devel-windows-x86_64