Last updated on 2025-10-26 05:49:57 CET.
| Flavor | Version | Tinstall | Tcheck | Ttotal | Status | Flags |
|---|---|---|---|---|---|---|
| r-devel-linux-x86_64-debian-clang | 0.5.2 | 61.98 | 48.92 | 110.90 | NOTE | |
| r-devel-linux-x86_64-debian-gcc | 0.5.2 | 35.32 | 35.14 | 70.46 | NOTE | |
| r-devel-linux-x86_64-fedora-clang | 0.5.2 | 193.00 | -5.62 | 187.38 | NOTE | |
| r-devel-linux-x86_64-fedora-gcc | 0.5.2 | 119.00 | 55.56 | 174.56 | NOTE | |
| r-devel-windows-x86_64 | 0.5.2 | 52.00 | 60.00 | 112.00 | NOTE | |
| r-patched-linux-x86_64 | 0.5.2 | 54.59 | 45.54 | 100.13 | NOTE | |
| r-release-linux-x86_64 | 0.5.2 | 52.25 | 45.28 | 97.53 | NOTE | |
| r-release-macos-arm64 | 0.5.2 | 19.00 | 32.00 | 51.00 | NOTE | |
| r-release-macos-x86_64 | 0.5.2 | 49.00 | 73.00 | 122.00 | NOTE | |
| r-release-windows-x86_64 | 0.5.2 | 49.00 | 60.00 | 109.00 | NOTE | |
| r-oldrel-macos-arm64 | 0.5.2 | 18.00 | 33.00 | 51.00 | NOTE | |
| r-oldrel-macos-x86_64 | 0.5.2 | 33.00 | 43.00 | 76.00 | NOTE | |
| r-oldrel-windows-x86_64 | 0.5.2 | 56.00 | 82.00 | 138.00 | NOTE |
Version: 0.5.2
Check: Rd files
Result: NOTE
checkRd: (-1) Error-Classes.Rd:107-119: Lost braces
107 | \item \code{do_verbose(response, template)} {
| ^
checkRd: (-1) Error.Rd:33-45: Lost braces
33 | \item \code{do(response, mssg)} {
| ^
Flavors: r-devel-linux-x86_64-debian-clang, r-devel-linux-x86_64-debian-gcc, r-devel-linux-x86_64-fedora-clang, r-devel-linux-x86_64-fedora-gcc, r-devel-windows-x86_64, r-patched-linux-x86_64, r-release-linux-x86_64, r-release-macos-arm64, r-release-macos-x86_64, r-release-windows-x86_64, r-oldrel-macos-arm64, r-oldrel-macos-x86_64, r-oldrel-windows-x86_64