CRAN Package Check Results for Package fastverse

Last updated on 2025-10-25 13:48:36 CEST.

Flavor Version Tinstall Tcheck Ttotal Status Flags
r-devel-linux-x86_64-debian-clang 0.3.4 3.19 32.69 35.88 OK
r-devel-linux-x86_64-debian-gcc 0.3.4 2.13 25.49 27.62 OK
r-devel-linux-x86_64-fedora-clang 0.3.4 19.00 37.11 56.11 NOTE
r-devel-linux-x86_64-fedora-gcc 0.3.4 12.00 57.05 69.05 NOTE
r-devel-windows-x86_64 0.3.4 4.00 50.00 54.00 OK
r-patched-linux-x86_64 0.3.4 2.28 29.23 31.51 OK
r-release-linux-x86_64 0.3.4 2.98 28.94 31.92 OK
r-release-macos-arm64 0.3.4 3.00 36.00 39.00 OK
r-release-macos-x86_64 0.3.4 4.00 47.00 51.00 OK
r-release-windows-x86_64 0.3.4 6.00 52.00 58.00 OK
r-oldrel-macos-arm64 0.3.4 2.00 46.00 48.00 OK
r-oldrel-macos-x86_64 0.3.4 4.00 65.00 69.00 OK
r-oldrel-windows-x86_64 0.3.4 7.00 59.00 66.00 OK

Check Details

Version: 0.3.4
Check: dependencies in R code
Result: NOTE Namespaces in Imports field not imported from: ‘collapse’ ‘data.table’ ‘kit’ ‘magrittr’ All declared Imports should be used. Flavors: r-devel-linux-x86_64-fedora-clang, r-devel-linux-x86_64-fedora-gcc