Last updated on 2025-10-25 09:49:30 CEST.
| Flavor | Version | Tinstall | Tcheck | Ttotal | Status | Flags |
|---|---|---|---|---|---|---|
| r-devel-linux-x86_64-debian-clang | 1.0 | 108.28 | 32.75 | 141.03 | NOTE | |
| r-devel-linux-x86_64-debian-gcc | 1.0 | 65.41 | 26.22 | 91.63 | NOTE | |
| r-devel-linux-x86_64-fedora-clang | 1.0 | 264.00 | 21.46 | 285.46 | OK | |
| r-devel-linux-x86_64-fedora-gcc | 1.0 | 414.00 | -166.01 | 247.99 | NOTE | |
| r-devel-windows-x86_64 | 1.0 | 119.00 | 75.00 | 194.00 | OK | |
| r-patched-linux-x86_64 | 1.0 | 96.20 | 31.37 | 127.57 | OK | |
| r-release-linux-x86_64 | 1.0 | 103.57 | 30.79 | 134.36 | OK | |
| r-release-macos-arm64 | 1.0 | 35.00 | 21.00 | 56.00 | OK | |
| r-release-macos-x86_64 | 1.0 | 32.00 | 33.00 | 65.00 | OK | |
| r-release-windows-x86_64 | 1.0 | 121.00 | 77.00 | 198.00 | OK | |
| r-oldrel-macos-arm64 | 1.0 | 37.00 | 19.00 | 56.00 | NOTE | |
| r-oldrel-macos-x86_64 | 1.0 | 30.00 | 29.00 | 59.00 | NOTE | |
| r-oldrel-windows-x86_64 | 1.0 | 138.00 | 91.00 | 229.00 | OK |
Version: 1.0
Check: Rd files
Result: NOTE
checkRd: (-1) Hitters.Rd:9-50: Only 3 columns allowed in this table (row 2 has 2)
checkRd: (-1) Hitters.Rd:9-50: Only 3 columns allowed in this table (row 4 has 2)
checkRd: (-1) Hitters.Rd:9-50: Only 3 columns allowed in this table (row 6 has 2)
checkRd: (-1) Hitters.Rd:9-50: Only 3 columns allowed in this table (row 8 has 2)
checkRd: (-1) Hitters.Rd:9-50: Only 3 columns allowed in this table (row 10 has 2)
checkRd: (-1) Hitters.Rd:9-50: Only 3 columns allowed in this table (row 12 has 2)
checkRd: (-1) Hitters.Rd:9-50: Only 3 columns allowed in this table (row 14 has 2)
checkRd: (-1) Hitters.Rd:9-50: Only 3 columns allowed in this table (row 16 has 2)
checkRd: (-1) Hitters.Rd:9-50: Only 3 columns allowed in this table (row 18 has 2)
checkRd: (-1) Hitters.Rd:9-50: Only 3 columns allowed in this table (row 20 has 2)
checkRd: (-1) Hitters.Rd:9-50: Only 3 columns allowed in this table (row 22 has 2)
checkRd: (-1) Hitters.Rd:9-50: Only 3 columns allowed in this table (row 24 has 2)
checkRd: (-1) Hitters.Rd:9-50: Only 3 columns allowed in this table (row 26 has 2)
checkRd: (-1) Hitters.Rd:9-50: Only 3 columns allowed in this table (row 28 has 2)
checkRd: (-1) Hitters.Rd:9-50: Only 3 columns allowed in this table (row 30 has 2)
checkRd: (-1) Hitters.Rd:9-50: Only 3 columns allowed in this table (row 32 has 2)
checkRd: (-1) Hitters.Rd:9-50: Only 3 columns allowed in this table (row 34 has 2)
checkRd: (-1) Hitters.Rd:9-50: Only 3 columns allowed in this table (row 36 has 2)
checkRd: (-1) Hitters.Rd:9-50: Only 3 columns allowed in this table (row 38 has 2)
checkRd: (-1) Hitters.Rd:9-50: Only 3 columns allowed in this table (row 40 has 2)
Flavors: r-devel-linux-x86_64-debian-clang, r-devel-linux-x86_64-debian-gcc, r-devel-linux-x86_64-fedora-gcc
Version: 1.0
Check: installed package size
Result: NOTE
installed size is 5.7Mb
sub-directories of 1Mb or more:
libs 5.6Mb
Flavors: r-oldrel-macos-arm64, r-oldrel-macos-x86_64