Last updated on 2025-10-26 05:49:57 CET.
| Flavor | Version | Tinstall | Tcheck | Ttotal | Status | Flags |
|---|---|---|---|---|---|---|
| r-devel-linux-x86_64-debian-clang | 1.2 | 13.05 | 23.84 | 36.89 | NOTE | |
| r-devel-linux-x86_64-debian-gcc | 1.2 | 9.79 | 19.29 | 29.08 | NOTE | |
| r-devel-linux-x86_64-fedora-clang | 1.2 | 37.00 | 26.35 | 63.35 | NOTE | |
| r-devel-linux-x86_64-fedora-gcc | 1.2 | 33.00 | 26.15 | 59.15 | NOTE | |
| r-devel-windows-x86_64 | 1.2 | 17.00 | 57.00 | 74.00 | NOTE | |
| r-patched-linux-x86_64 | 1.2 | 13.45 | 22.34 | 35.79 | NOTE | |
| r-release-linux-x86_64 | 1.2 | 14.13 | 22.38 | 36.51 | NOTE | |
| r-release-macos-arm64 | 1.2 | 6.00 | 22.00 | 28.00 | NOTE | |
| r-release-macos-x86_64 | 1.2 | 16.00 | 43.00 | 59.00 | NOTE | |
| r-release-windows-x86_64 | 1.2 | 17.00 | 63.00 | 80.00 | NOTE | |
| r-oldrel-macos-arm64 | 1.2 | 5.00 | 18.00 | 23.00 | NOTE | |
| r-oldrel-macos-x86_64 | 1.2 | 12.00 | 26.00 | 38.00 | NOTE | |
| r-oldrel-windows-x86_64 | 1.2 | 19.00 | 73.00 | 92.00 | NOTE |
Version: 1.2
Check: CRAN incoming feasibility
Result: NOTE
Maintainer: ‘Xun Li <lixun910@gmail.com>’
No Authors@R field in DESCRIPTION.
Please add one, modifying
Authors@R: person(given = "Xun",
family = "Li",
role = c("aut", "cre"),
email = "lixun910@gmail.com")
as necessary.
Flavors: r-devel-linux-x86_64-debian-clang, r-devel-linux-x86_64-debian-gcc
Version: 1.2
Check: C++ specification
Result: NOTE
Specified C++11: please drop specification unless essential
Flavors: r-devel-linux-x86_64-debian-clang, r-devel-linux-x86_64-debian-gcc, r-devel-linux-x86_64-fedora-clang, r-devel-linux-x86_64-fedora-gcc, r-devel-windows-x86_64, r-patched-linux-x86_64, r-release-linux-x86_64, r-release-macos-arm64, r-release-macos-x86_64, r-release-windows-x86_64, r-oldrel-macos-arm64, r-oldrel-macos-x86_64, r-oldrel-windows-x86_64