Last updated on 2025-10-25 13:48:36 CEST.
| Flavor | Version | Tinstall | Tcheck | Ttotal | Status | Flags |
|---|---|---|---|---|---|---|
| r-devel-linux-x86_64-debian-clang | 0.1-8 | 7.06 | 56.80 | 63.86 | NOTE | |
| r-devel-linux-x86_64-debian-gcc | 0.1-8 | 4.92 | 42.43 | 47.35 | NOTE | |
| r-devel-linux-x86_64-fedora-clang | 0.1-8 | 20.00 | 81.35 | 101.35 | OK | |
| r-devel-linux-x86_64-fedora-gcc | 0.1-8 | 66.00 | 33.98 | 99.98 | NOTE | |
| r-devel-windows-x86_64 | 0.1-8 | 8.00 | 67.00 | 75.00 | OK | |
| r-patched-linux-x86_64 | 0.1-8 | 7.06 | 55.41 | 62.47 | OK | |
| r-release-linux-x86_64 | 0.1-8 | 6.66 | 54.82 | 61.48 | OK | |
| r-release-macos-arm64 | 0.1-8 | 3.00 | 27.00 | 30.00 | OK | |
| r-release-macos-x86_64 | 0.1-8 | 6.00 | 46.00 | 52.00 | OK | |
| r-release-windows-x86_64 | 0.1-8 | 7.00 | 69.00 | 76.00 | OK | |
| r-oldrel-macos-arm64 | 0.1-8 | 3.00 | 33.00 | 36.00 | OK | |
| r-oldrel-macos-x86_64 | 0.1-8 | 10.00 | 62.00 | 72.00 | OK | |
| r-oldrel-windows-x86_64 | 0.1-8 | 10.00 | 84.00 | 94.00 | OK |
Version: 0.1-8
Check: Rd files
Result: NOTE
checkRd: (-1) face-package.Rd:10-16: Only 2 columns allowed in this table (row 5 has 1)
Flavors: r-devel-linux-x86_64-debian-clang, r-devel-linux-x86_64-debian-gcc, r-devel-linux-x86_64-fedora-gcc