Last updated on 2025-11-26 17:49:52 CET.
| Flavor | Version | Tinstall | Tcheck | Ttotal | Status | Flags |
|---|---|---|---|---|---|---|
| r-devel-linux-x86_64-debian-clang | 1.2.1 | 9.04 | 69.04 | 78.08 | OK | |
| r-devel-linux-x86_64-debian-gcc | 1.2.1 | 6.91 | 52.04 | 58.95 | OK | |
| r-devel-linux-x86_64-fedora-clang | 1.2.1 | 17.00 | 98.71 | 115.71 | NOTE | |
| r-devel-linux-x86_64-fedora-gcc | 1.2.1 | 21.00 | 91.98 | 112.98 | NOTE | |
| r-devel-windows-x86_64 | 1.2.1 | 18.00 | 78.00 | 96.00 | OK | |
| r-patched-linux-x86_64 | 1.2.1 | 8.02 | 65.89 | 73.91 | OK | |
| r-release-linux-x86_64 | 1.2.1 | 8.96 | 66.11 | 75.07 | OK | |
| r-release-macos-arm64 | 1.2.1 | OK | ||||
| r-release-macos-x86_64 | 1.2.1 | 15.00 | 77.00 | 92.00 | OK | |
| r-release-windows-x86_64 | 1.2.1 | 13.00 | 91.00 | 104.00 | OK | |
| r-oldrel-macos-arm64 | 1.2.1 | OK | ||||
| r-oldrel-macos-x86_64 | 1.2.1 | 7.00 | 49.00 | 56.00 | OK | |
| r-oldrel-windows-x86_64 | 1.2.1 | 14.00 | 96.00 | 110.00 | OK |
Version: 1.2.1
Check: compiled code
Result: NOTE
File ‘extremis/libs/extremis.so’:
Found no calls to: ‘R_registerRoutines’, ‘R_useDynamicSymbols’
It is good practice to register native routines and to disable symbol
search.
See ‘Writing portable packages’ in the ‘Writing R Extensions’ manual.
Flavors: r-devel-linux-x86_64-fedora-clang, r-devel-linux-x86_64-fedora-gcc