Last updated on 2025-10-26 13:49:55 CET.
| Flavor | Version | Tinstall | Tcheck | Ttotal | Status | Flags |
|---|---|---|---|---|---|---|
| r-devel-linux-x86_64-debian-clang | 1.4.0 | 46.73 | 178.05 | 224.78 | OK | |
| r-devel-linux-x86_64-debian-gcc | 1.4.0 | 33.97 | 121.39 | 155.36 | OK | |
| r-devel-linux-x86_64-fedora-clang | 1.4.0 | 460.00 | -28.07 | 431.93 | OK | |
| r-devel-linux-x86_64-fedora-gcc | 1.4.0 | 116.00 | 267.55 | 383.55 | OK | |
| r-devel-windows-x86_64 | 1.4.0 | 71.00 | 164.00 | 235.00 | OK | |
| r-patched-linux-x86_64 | 1.4.0 | 46.65 | 165.72 | 212.37 | OK | |
| r-release-linux-x86_64 | 1.4.0 | 45.72 | 164.74 | 210.46 | OK | |
| r-release-macos-arm64 | 1.4.0 | 27.00 | 74.00 | 101.00 | OK | |
| r-release-macos-x86_64 | 1.4.0 | 34.00 | 91.00 | 125.00 | OK | |
| r-release-windows-x86_64 | 1.4.0 | 81.00 | 165.00 | 246.00 | OK | |
| r-oldrel-macos-arm64 | 1.4.0 | 22.00 | 56.00 | 78.00 | NOTE | |
| r-oldrel-macos-x86_64 | 1.4.0 | 31.00 | 93.00 | 124.00 | NOTE | |
| r-oldrel-windows-x86_64 | 1.4.0 | 100.00 | 226.00 | 326.00 | NOTE |
Version: 1.4.0
Check: installed package size
Result: NOTE
installed size is 9.2Mb
sub-directories of 1Mb or more:
Report 1.3Mb
app 2.7Mb
doc 1.2Mb
libs 1.9Mb
Flavors: r-oldrel-macos-arm64, r-oldrel-macos-x86_64, r-oldrel-windows-x86_64