Last updated on 2025-11-27 05:49:30 CET.
| Flavor | Version | Tinstall | Tcheck | Ttotal | Status | Flags |
|---|---|---|---|---|---|---|
| r-devel-linux-x86_64-debian-clang | 4.0.0 | 9.14 | 90.59 | 99.73 | NOTE | |
| r-devel-linux-x86_64-debian-gcc | 4.0.0 | 6.75 | 65.58 | 72.33 | NOTE | |
| r-devel-linux-x86_64-fedora-clang | 4.0.0 | 23.00 | 123.06 | 146.06 | OK | |
| r-devel-linux-x86_64-fedora-gcc | 4.0.0 | 32.00 | 132.51 | 164.51 | OK | |
| r-devel-windows-x86_64 | 4.0.0 | 13.00 | 104.00 | 117.00 | OK | |
| r-patched-linux-x86_64 | 4.0.0 | 10.72 | 81.79 | 92.51 | OK | |
| r-release-linux-x86_64 | 4.0.0 | 8.38 | 80.32 | 88.70 | OK | |
| r-release-macos-arm64 | 4.0.0 | OK | ||||
| r-release-macos-x86_64 | 4.0.0 | 10.00 | 114.00 | 124.00 | OK | |
| r-release-windows-x86_64 | 4.0.0 | 11.00 | 100.00 | 111.00 | OK | |
| r-oldrel-macos-arm64 | 4.0.0 | OK | ||||
| r-oldrel-macos-x86_64 | 4.0.0 | 12.00 | 86.00 | 98.00 | OK | |
| r-oldrel-windows-x86_64 | 4.0.0 | 14.00 | 125.00 | 139.00 | OK |
Version: 4.0.0
Check: CRAN incoming feasibility
Result: NOTE
Maintainer: ‘Leo Lahti <leo.lahti@iki.fi>’
Found the following (possibly) invalid URLs:
URL: https://app.gitter.im/#/room/#rOpenGov_eurostat:gitter.im
From: README.md
Message: Invalid URL: '#' not allowed in fragment
URL: https://app.gitter.im/#/room/#rOpenGov_eurostat:gitter.im?utm_source=badge&utm_medium=badge&utm_campaign=pr-badge
From: README.md
Message: Invalid URL: '#' not allowed in fragment
Flavors: r-devel-linux-x86_64-debian-clang, r-devel-linux-x86_64-debian-gcc