Last updated on 2025-11-26 17:49:52 CET.
| Flavor | Version | Tinstall | Tcheck | Ttotal | Status | Flags |
|---|---|---|---|---|---|---|
| r-devel-linux-x86_64-debian-clang | 0.1.0 | 10.80 | 348.31 | 359.11 | NOTE | |
| r-devel-linux-x86_64-debian-gcc | 0.1.0 | 8.07 | 242.05 | 250.12 | NOTE | |
| r-devel-linux-x86_64-fedora-clang | 0.1.0 | 24.00 | 543.46 | 567.46 | NOTE | |
| r-devel-linux-x86_64-fedora-gcc | 0.1.0 | 37.00 | 550.39 | 587.39 | NOTE | |
| r-devel-windows-x86_64 | 0.1.0 | 15.00 | 319.00 | 334.00 | NOTE | |
| r-patched-linux-x86_64 | 0.1.0 | 11.62 | 349.82 | 361.44 | NOTE | |
| r-release-linux-x86_64 | 0.1.0 | 10.67 | 361.59 | 372.26 | NOTE | |
| r-release-macos-arm64 | 0.1.0 | NOTE | ||||
| r-release-macos-x86_64 | 0.1.0 | 10.00 | 233.00 | 243.00 | NOTE | |
| r-release-windows-x86_64 | 0.1.0 | 12.00 | 320.00 | 332.00 | NOTE | |
| r-oldrel-macos-arm64 | 0.1.0 | NOTE | ||||
| r-oldrel-macos-x86_64 | 0.1.0 | 14.00 | 283.00 | 297.00 | NOTE | |
| r-oldrel-windows-x86_64 | 0.1.0 | 20.00 | 447.00 | 467.00 | NOTE |
Version: 0.1.0
Check: CRAN incoming feasibility
Result: NOTE
Maintainer: ‘Riccardo Giubilei <riccardogbl@gmail.com>’
The Description field contains
Giubilei et al. (2022) <arXiv:2207.04430>.
Please refer to arXiv e-prints via their arXiv DOI <doi:10.48550/arXiv.YYMM.NNNNN>.
Flavors: r-devel-linux-x86_64-debian-clang, r-devel-linux-x86_64-debian-gcc
Version: 0.1.0
Check: Rd files
Result: NOTE
checkRd: (-1) data_cls.Rd:24: Lost braces
24 | \item Graphs: Erd\"{o}s-R\'{e}nyi graphs with connection probability 0.10 for
| ^
checkRd: (-1) data_cls.Rd:24: Lost braces
24 | \item Graphs: Erd\"{o}s-R\'{e}nyi graphs with connection probability 0.10 for
| ^
checkRd: (-1) data_reg.Rd:21: Lost braces
21 | \item Graphs: Erd\"{o}s-R\'{e}nyi graphs with connection probability given by
| ^
checkRd: (-1) data_reg.Rd:21: Lost braces
21 | \item Graphs: Erd\"{o}s-R\'{e}nyi graphs with connection probability given by
| ^
Flavors: r-devel-linux-x86_64-debian-clang, r-devel-linux-x86_64-debian-gcc, r-devel-linux-x86_64-fedora-clang, r-devel-linux-x86_64-fedora-gcc, r-devel-windows-x86_64, r-patched-linux-x86_64, r-release-linux-x86_64, r-release-macos-arm64, r-release-macos-x86_64, r-release-windows-x86_64, r-oldrel-macos-arm64, r-oldrel-macos-x86_64, r-oldrel-windows-x86_64
Version: 0.1.0
Check: installed package size
Result: NOTE
installed size is 5.5Mb
sub-directories of 1Mb or more:
data 4.8Mb
Flavors: r-oldrel-macos-arm64, r-oldrel-macos-x86_64