Last updated on 2025-10-25 13:48:36 CEST.
| Flavor | Version | Tinstall | Tcheck | Ttotal | Status | Flags |
|---|---|---|---|---|---|---|
| r-devel-linux-x86_64-debian-clang | 0.4.0 | 2.53 | 28.89 | 31.42 | OK | |
| r-devel-linux-x86_64-debian-gcc | 0.4.0 | 1.84 | 23.17 | 25.01 | OK | |
| r-devel-linux-x86_64-fedora-clang | 0.4.0 | 46.15 | OK | |||
| r-devel-linux-x86_64-fedora-gcc | 0.4.0 | 42.62 | OK | |||
| r-devel-windows-x86_64 | 0.4.0 | 4.00 | 45.00 | 49.00 | OK | |
| r-patched-linux-x86_64 | 0.4.0 | 2.73 | 26.40 | 29.13 | OK | |
| r-release-linux-x86_64 | 0.4.0 | 2.54 | 26.69 | 29.23 | OK | |
| r-release-macos-arm64 | 0.4.0 | 1.00 | 19.00 | 20.00 | OK | |
| r-release-macos-x86_64 | 0.4.0 | 2.00 | 28.00 | 30.00 | OK | |
| r-release-windows-x86_64 | 0.4.0 | 6.00 | 48.00 | 54.00 | OK | |
| r-oldrel-macos-arm64 | 0.4.0 | 1.00 | 19.00 | 20.00 | NOTE | |
| r-oldrel-macos-x86_64 | 0.4.0 | 2.00 | 25.00 | 27.00 | NOTE | |
| r-oldrel-windows-x86_64 | 0.4.0 | 7.00 | 55.00 | 62.00 | NOTE |
Version: 0.4.0
Check: LazyData
Result: NOTE
'LazyData' is specified without a 'data' directory
Flavors: r-oldrel-macos-arm64, r-oldrel-macos-x86_64, r-oldrel-windows-x86_64