Last updated on 2025-10-25 13:48:35 CEST.
| Flavor | Version | Tinstall | Tcheck | Ttotal | Status | Flags |
|---|---|---|---|---|---|---|
| r-devel-linux-x86_64-debian-clang | 1.0.0 | 2.95 | 34.41 | 37.36 | NOTE | |
| r-devel-linux-x86_64-debian-gcc | 1.0.0 | 2.46 | 27.38 | 29.84 | NOTE | |
| r-devel-linux-x86_64-fedora-clang | 1.0.0 | 16.00 | 43.25 | 59.25 | OK | |
| r-devel-linux-x86_64-fedora-gcc | 1.0.0 | 68.78 | OK | |||
| r-devel-windows-x86_64 | 1.0.0 | 4.00 | 51.00 | 55.00 | OK | |
| r-patched-linux-x86_64 | 1.0.0 | 2.97 | 32.31 | 35.28 | OK | |
| r-release-linux-x86_64 | 1.0.0 | 3.27 | 31.87 | 35.14 | OK | |
| r-release-macos-arm64 | 1.0.0 | 2.00 | 25.00 | 27.00 | OK | |
| r-release-macos-x86_64 | 1.0.0 | 3.00 | 45.00 | 48.00 | OK | |
| r-release-windows-x86_64 | 1.0.0 | 4.00 | 53.00 | 57.00 | OK | |
| r-oldrel-macos-arm64 | 1.0.0 | 2.00 | 23.00 | 25.00 | OK | |
| r-oldrel-macos-x86_64 | 1.0.0 | 2.00 | 36.00 | 38.00 | OK | |
| r-oldrel-windows-x86_64 | 1.0.0 | 5.00 | 61.00 | 66.00 | OK |
Version: 1.0.0
Check: CRAN incoming feasibility
Result: NOTE
Maintainer: ‘Bill Denney <wdenney@humanpredictions.com>’
Package CITATION file contains call(s) to old-style citEntry(). Please
use bibentry() instead.
Flavors: r-devel-linux-x86_64-debian-clang, r-devel-linux-x86_64-debian-gcc