Last updated on 2025-11-26 17:49:52 CET.
| Flavor | Version | Tinstall | Tcheck | Ttotal | Status | Flags |
|---|---|---|---|---|---|---|
| r-devel-linux-x86_64-debian-clang | 0.4-1 | 2.52 | 26.87 | 29.39 | OK | |
| r-devel-linux-x86_64-debian-gcc | 0.4-1 | 2.23 | 20.90 | 23.13 | OK | |
| r-devel-linux-x86_64-fedora-clang | 0.4-1 | 43.97 | OK | |||
| r-devel-linux-x86_64-fedora-gcc | 0.4-1 | 42.26 | OK | |||
| r-devel-windows-x86_64 | 0.4-1 | 5.00 | 44.00 | 49.00 | OK | |
| r-patched-linux-x86_64 | 0.4-1 | 2.54 | 25.54 | 28.08 | OK | |
| r-release-linux-x86_64 | 0.4-1 | 2.60 | 25.33 | 27.93 | OK | |
| r-release-macos-arm64 | 0.4-1 | OK | ||||
| r-release-macos-x86_64 | 0.4-1 | 3.00 | 27.00 | 30.00 | OK | |
| r-release-windows-x86_64 | 0.4-1 | 4.00 | 52.00 | 56.00 | OK | |
| r-oldrel-macos-arm64 | 0.4-1 | NOTE | ||||
| r-oldrel-macos-x86_64 | 0.4-1 | 2.00 | 24.00 | 26.00 | NOTE | |
| r-oldrel-windows-x86_64 | 0.4-1 | 5.00 | 50.00 | 55.00 | NOTE |
Version: 0.4-1
Check: LazyData
Result: NOTE
'LazyData' is specified without a 'data' directory
Flavors: r-oldrel-macos-arm64, r-oldrel-macos-x86_64, r-oldrel-windows-x86_64