Last updated on 2025-10-25 17:48:36 CEST.
| Flavor | Version | Tinstall | Tcheck | Ttotal | Status | Flags |
|---|---|---|---|---|---|---|
| r-devel-linux-x86_64-debian-clang | 3.0 | 9.09 | 72.55 | 81.64 | NOTE | |
| r-devel-linux-x86_64-debian-gcc | 3.0 | 6.88 | 52.15 | 59.03 | NOTE | |
| r-devel-linux-x86_64-fedora-clang | 3.0 | 24.00 | 104.05 | 128.05 | OK | |
| r-devel-linux-x86_64-fedora-gcc | 3.0 | 18.00 | 101.61 | 119.61 | OK | |
| r-devel-windows-x86_64 | 3.0 | 10.00 | 80.00 | 90.00 | OK | |
| r-patched-linux-x86_64 | 3.0 | 9.33 | 69.80 | 79.13 | OK | |
| r-release-linux-x86_64 | 3.0 | 8.65 | 69.23 | 77.88 | OK | |
| r-release-macos-arm64 | 3.0 | 4.00 | 31.00 | 35.00 | OK | |
| r-release-macos-x86_64 | 3.0 | 7.00 | 58.00 | 65.00 | OK | |
| r-release-windows-x86_64 | 3.0 | 10.00 | 82.00 | 92.00 | OK | |
| r-oldrel-macos-arm64 | 3.0 | 4.00 | 33.00 | 37.00 | OK | |
| r-oldrel-macos-x86_64 | 3.0 | 6.00 | 45.00 | 51.00 | OK | |
| r-oldrel-windows-x86_64 | 3.0 | 14.00 | 104.00 | 118.00 | OK |
Version: 3.0
Check: CRAN incoming feasibility
Result: NOTE
Maintainer: ‘Emmanuel Arnhold <emmanuelarnhold@yahoo.com.br>’
No Authors@R field in DESCRIPTION.
Please add one, modifying
Authors@R: person(given = "Emmanuel",
family = "Arnhold",
role = c("aut", "cre"),
email = "emmanuelarnhold@yahoo.com.br")
as necessary.
Flavors: r-devel-linux-x86_64-debian-clang, r-devel-linux-x86_64-debian-gcc