Last updated on 2025-10-25 13:48:35 CEST.
| Flavor | Version | Tinstall | Tcheck | Ttotal | Status | Flags |
|---|---|---|---|---|---|---|
| r-devel-linux-x86_64-debian-clang | 0.1.0 | 5.99 | 29.23 | 35.22 | OK | |
| r-devel-linux-x86_64-debian-gcc | 0.1.0 | 6.07 | 23.37 | 29.44 | OK | |
| r-devel-linux-x86_64-fedora-clang | 0.1.0 | 15.00 | 36.69 | 51.69 | OK | |
| r-devel-linux-x86_64-fedora-gcc | 0.1.0 | 14.00 | 35.37 | 49.37 | OK | |
| r-devel-windows-x86_64 | 0.1.0 | 8.00 | 49.00 | 57.00 | OK | |
| r-patched-linux-x86_64 | 0.1.0 | 5.50 | 26.84 | 32.34 | OK | |
| r-release-linux-x86_64 | 0.1.0 | 5.62 | 26.95 | 32.57 | OK | |
| r-release-macos-arm64 | 0.1.0 | 5.00 | 19.00 | 24.00 | OK | |
| r-release-macos-x86_64 | 0.1.0 | 15.00 | 34.00 | 49.00 | OK | |
| r-release-windows-x86_64 | 0.1.0 | 10.00 | 52.00 | 62.00 | OK | |
| r-oldrel-macos-arm64 | 0.1.0 | 5.00 | 23.00 | 28.00 | OK | |
| r-oldrel-macos-x86_64 | 0.1.0 | 23.00 | 48.00 | 71.00 | NOTE | |
| r-oldrel-windows-x86_64 | 0.1.0 | 12.00 | 59.00 | 71.00 | OK |
Version: 0.1.0
Check: installed package size
Result: NOTE
installed size is 5.5Mb
sub-directories of 1Mb or more:
data 5.4Mb
Flavor: r-oldrel-macos-x86_64