Last updated on 2025-10-25 17:48:35 CEST.
| Flavor | Version | Tinstall | Tcheck | Ttotal | Status | Flags |
|---|---|---|---|---|---|---|
| r-devel-linux-x86_64-debian-clang | 0.1.6 | 39.82 | 62.49 | 102.31 | NOTE | |
| r-devel-linux-x86_64-debian-gcc | 0.1.6 | 26.23 | 46.81 | 73.04 | NOTE | |
| r-devel-linux-x86_64-fedora-clang | 0.1.6 | 87.00 | 90.75 | 177.75 | OK | |
| r-devel-linux-x86_64-fedora-gcc | 0.1.6 | 223.00 | -43.62 | 179.38 | NOTE | |
| r-devel-windows-x86_64 | 0.1.6 | 48.00 | 99.00 | 147.00 | OK | |
| r-patched-linux-x86_64 | 0.1.6 | 39.63 | 60.46 | 100.09 | OK | |
| r-release-linux-x86_64 | 0.1.6 | 40.49 | 60.55 | 101.04 | OK | |
| r-release-macos-arm64 | 0.1.6 | 19.00 | 35.00 | 54.00 | OK | |
| r-release-macos-x86_64 | 0.1.6 | 23.00 | 62.00 | 85.00 | OK | |
| r-release-windows-x86_64 | 0.1.6 | 47.00 | 101.00 | 148.00 | OK | |
| r-oldrel-macos-arm64 | 0.1.6 | 15.00 | 31.00 | 46.00 | OK | |
| r-oldrel-macos-x86_64 | 0.1.6 | 33.00 | 52.00 | 85.00 | OK | |
| r-oldrel-windows-x86_64 | 0.1.6 | 54.00 | 118.00 | 172.00 | OK |
Version: 0.1.6
Check: Rd files
Result: NOTE
checkRd: (-1) emBayes-package.Rd:12-17: Only 2 columns allowed in this table (row 2 has 1)
checkRd: (-1) emBayes-package.Rd:12-17: Only 2 columns allowed in this table (row 5 has 1)
checkRd: (-1) emBayes-package.Rd:12-17: Only 2 columns allowed in this table (row 8 has 1)
Flavors: r-devel-linux-x86_64-debian-clang, r-devel-linux-x86_64-debian-gcc, r-devel-linux-x86_64-fedora-gcc