Last updated on 2025-11-26 05:51:33 CET.
| Flavor | Version | Tinstall | Tcheck | Ttotal | Status | Flags |
|---|---|---|---|---|---|---|
| r-devel-linux-x86_64-debian-clang | 0.0.1-3 | 4.45 | 35.17 | 39.62 | NOTE | |
| r-devel-linux-x86_64-debian-gcc | 0.0.1-3 | 3.63 | 27.07 | 30.70 | NOTE | |
| r-devel-linux-x86_64-fedora-clang | 0.0.1-3 | 30.00 | 35.85 | 65.85 | OK | |
| r-devel-linux-x86_64-fedora-gcc | 0.0.1-3 | 11.00 | 47.51 | 58.51 | OK | |
| r-devel-windows-x86_64 | 0.0.1-3 | 8.00 | 50.00 | 58.00 | OK | |
| r-patched-linux-x86_64 | 0.0.1-3 | 3.97 | 33.00 | 36.97 | OK | |
| r-release-linux-x86_64 | 0.0.1-3 | 4.49 | 32.74 | 37.23 | OK | |
| r-release-macos-arm64 | 0.0.1-3 | OK | ||||
| r-release-macos-x86_64 | 0.0.1-3 | 5.00 | 36.00 | 41.00 | OK | |
| r-release-windows-x86_64 | 0.0.1-3 | 8.00 | 62.00 | 70.00 | OK | |
| r-oldrel-macos-arm64 | 0.0.1-3 | OK | ||||
| r-oldrel-macos-x86_64 | 0.0.1-3 | 4.00 | 29.00 | 33.00 | OK | |
| r-oldrel-windows-x86_64 | 0.0.1-3 | 8.00 | 60.00 | 68.00 | OK |
Version: 0.0.1-3
Check: CRAN incoming feasibility
Result: NOTE
Maintainer: ‘Jose M. Pavía <jose.m.pavia@uv.es>’
Package CITATION file contains call(s) to old-style personList() or
as.personList(). Please use c() on person objects instead.
Package CITATION file contains call(s) to old-style citEntry(). Please
use bibentry() instead.
Flavors: r-devel-linux-x86_64-debian-clang, r-devel-linux-x86_64-debian-gcc