Last updated on 2025-10-25 13:48:35 CEST.
| Flavor | Version | Tinstall | Tcheck | Ttotal | Status | Flags |
|---|---|---|---|---|---|---|
| r-devel-linux-x86_64-debian-clang | 1.4.4 | 3.82 | 39.40 | 43.22 | NOTE | |
| r-devel-linux-x86_64-debian-gcc | 1.4.4 | 2.73 | 29.10 | 31.83 | NOTE | |
| r-devel-linux-x86_64-fedora-clang | 1.4.4 | 10.00 | 53.85 | 63.85 | OK | |
| r-devel-linux-x86_64-fedora-gcc | 1.4.4 | 58.39 | OK | |||
| r-devel-windows-x86_64 | 1.4.4 | 5.00 | 53.00 | 58.00 | OK | |
| r-patched-linux-x86_64 | 1.4.4 | 3.65 | 35.65 | 39.30 | OK | |
| r-release-linux-x86_64 | 1.4.4 | 3.82 | 35.45 | 39.27 | OK | |
| r-release-macos-arm64 | 1.4.4 | 2.00 | 25.00 | 27.00 | OK | |
| r-release-macos-x86_64 | 1.4.4 | 4.00 | 38.00 | 42.00 | OK | |
| r-release-windows-x86_64 | 1.4.4 | 5.00 | 54.00 | 59.00 | OK | |
| r-oldrel-macos-arm64 | 1.4.4 | 2.00 | 21.00 | 23.00 | OK | |
| r-oldrel-macos-x86_64 | 1.4.4 | 3.00 | 30.00 | 33.00 | OK | |
| r-oldrel-windows-x86_64 | 1.4.4 | 7.00 | 67.00 | 74.00 | OK |
Version: 1.4.4
Check: CRAN incoming feasibility
Result: NOTE
Maintainer: ‘Benjamin L Hlina <benjamin.hlina@gmail.com>’
Package CITATION file contains call(s) to old-style personList() or
as.personList(). Please use c() on person objects instead.
Package CITATION file contains call(s) to old-style citEntry(). Please
use bibentry() instead.
Flavors: r-devel-linux-x86_64-debian-clang, r-devel-linux-x86_64-debian-gcc