Last updated on 2025-11-26 09:51:13 CET.
| Flavor | Version | Tinstall | Tcheck | Ttotal | Status | Flags |
|---|---|---|---|---|---|---|
| r-devel-linux-x86_64-debian-clang | 1.0.0.1 | 14.55 | 125.89 | 140.44 | OK | |
| r-devel-linux-x86_64-debian-gcc | 1.0.0.1 | 10.55 | 87.14 | 97.69 | OK | |
| r-devel-linux-x86_64-fedora-clang | 1.0.0.1 | 34.00 | 181.71 | 215.71 | OK | |
| r-devel-linux-x86_64-fedora-gcc | 1.0.0.1 | 36.00 | 184.64 | 220.64 | OK | |
| r-devel-windows-x86_64 | 1.0.0.1 | 22.00 | 138.00 | 160.00 | OK | |
| r-patched-linux-x86_64 | 1.0.0.1 | 14.70 | 117.79 | 132.49 | OK | |
| r-release-linux-x86_64 | 1.0.0.1 | 15.03 | 118.08 | 133.11 | OK | |
| r-release-macos-arm64 | 1.0.0.1 | OK | ||||
| r-release-macos-x86_64 | 1.0.0.1 | 14.00 | 116.00 | 130.00 | OK | |
| r-release-windows-x86_64 | 1.0.0.1 | 18.00 | 135.00 | 153.00 | OK | |
| r-oldrel-macos-arm64 | 1.0.0.1 | NOTE | ||||
| r-oldrel-macos-x86_64 | 1.0.0.1 | 23.00 | 172.00 | 195.00 | NOTE | |
| r-oldrel-windows-x86_64 | 1.0.0.1 | 24.00 | 165.00 | 189.00 | NOTE |
Version: 1.0.0.1
Check: installed files from ‘inst/doc’
Result: NOTE
The following files should probably not be installed:
‘econet.tex’
Consider the use of a .Rinstignore file: see ‘Writing R Extensions’,
or move the vignette sources from ‘inst/doc’ to ‘vignettes’.
Flavors: r-oldrel-macos-arm64, r-oldrel-macos-x86_64, r-oldrel-windows-x86_64