Last updated on 2025-10-26 13:49:55 CET.
| Flavor | Version | Tinstall | Tcheck | Ttotal | Status | Flags |
|---|---|---|---|---|---|---|
| r-devel-linux-x86_64-debian-clang | 1.0-10 | 16.84 | 159.79 | 176.63 | NOTE | |
| r-devel-linux-x86_64-debian-gcc | 1.0-10 | 12.13 | 107.02 | 119.15 | NOTE | |
| r-devel-linux-x86_64-fedora-clang | 1.0-10 | 49.00 | 244.80 | 293.80 | OK | |
| r-devel-linux-x86_64-fedora-gcc | 1.0-10 | 70.00 | 221.82 | 291.82 | NOTE | |
| r-devel-windows-x86_64 | 1.0-10 | 21.00 | 194.00 | 215.00 | OK | |
| r-patched-linux-x86_64 | 1.0-10 | 19.52 | 153.34 | 172.86 | OK | |
| r-release-linux-x86_64 | 1.0-10 | 15.77 | 154.81 | 170.58 | OK | |
| r-release-macos-arm64 | 1.0-10 | 11.00 | 71.00 | 82.00 | OK | |
| r-release-macos-x86_64 | 1.0-10 | 19.00 | 146.00 | 165.00 | OK | |
| r-release-windows-x86_64 | 1.0-10 | 21.00 | 197.00 | 218.00 | OK | |
| r-oldrel-macos-arm64 | 1.0-10 | 9.00 | 71.00 | 80.00 | OK | |
| r-oldrel-macos-x86_64 | 1.0-10 | 13.00 | 175.00 | 188.00 | OK | |
| r-oldrel-windows-x86_64 | 1.0-10 | 30.00 | 247.00 | 277.00 | OK |
Version: 1.0-10
Check: Rd files
Result: NOTE
checkRd: (-1) RaschSampler.Rd:35-41: Only 2 columns allowed in this table (row 6 has 1)
Flavors: r-devel-linux-x86_64-debian-clang, r-devel-linux-x86_64-debian-gcc, r-devel-linux-x86_64-fedora-gcc