Last updated on 2025-07-10 17:48:59 CEST.
Flavor | Version | Tinstall | Tcheck | Ttotal | Status | Flags |
---|---|---|---|---|---|---|
r-devel-linux-x86_64-debian-clang | 0.7.0 | 4.77 | 351.07 | 355.84 | NOTE | |
r-devel-linux-x86_64-debian-gcc | 0.7.0 | 3.11 | 236.61 | 239.72 | NOTE | |
r-devel-linux-x86_64-fedora-clang | 0.7.0 | 567.74 | OK | |||
r-devel-linux-x86_64-fedora-gcc | 0.7.0 | 564.53 | OK | |||
r-devel-windows-x86_64 | 0.7.0 | 6.00 | 395.00 | 401.00 | OK | |
r-patched-linux-x86_64 | 0.7.0 | 5.58 | 333.84 | 339.42 | OK | |
r-release-linux-x86_64 | 0.7.0 | 4.23 | 329.71 | 333.94 | OK | |
r-release-macos-arm64 | 0.7.0 | 167.00 | OK | |||
r-release-macos-x86_64 | 0.7.0 | 361.00 | OK | |||
r-release-windows-x86_64 | 0.7.0 | 8.00 | 374.00 | 382.00 | OK | |
r-oldrel-macos-arm64 | 0.7.0 | 158.00 | OK | |||
r-oldrel-macos-x86_64 | 0.7.0 | 305.00 | OK | |||
r-oldrel-windows-x86_64 | 0.7.0 | 10.00 | 477.00 | 487.00 | OK |
Version: 0.7.0
Check: CRAN incoming feasibility
Result: NOTE
Maintainer: ‘Merlin Unterfinger <info@munterfinger.ch>’
Package CITATION file contains call(s) to old-style citEntry(). Please
use bibentry() instead.
Flavors: r-devel-linux-x86_64-debian-clang, r-devel-linux-x86_64-debian-gcc