CRAN Package Check Results for Package eCAR

Last updated on 2025-11-26 17:49:51 CET.

Flavor Version Tinstall Tcheck Ttotal Status Flags
r-devel-linux-x86_64-debian-clang 0.1.2 3.74 27.62 31.36 NOTE
r-devel-linux-x86_64-debian-gcc 0.1.2 3.57 21.64 25.21 NOTE
r-devel-linux-x86_64-fedora-clang 0.1.2 50.37 OK
r-devel-linux-x86_64-fedora-gcc 0.1.2 12.00 39.09 51.09 OK
r-devel-windows-x86_64 0.1.2 19.00 54.00 73.00 OK
r-patched-linux-x86_64 0.1.2 4.57 26.04 30.61 OK
r-release-linux-x86_64 0.1.2 4.72 25.72 30.44 OK
r-release-macos-arm64 0.1.2 OK
r-release-macos-x86_64 0.1.2 8.00 50.00 58.00 OK
r-release-windows-x86_64 0.1.2 10.00 65.00 75.00 OK
r-oldrel-macos-arm64 0.1.2 NOTE
r-oldrel-macos-x86_64 0.1.2 4.00 24.00 28.00 NOTE
r-oldrel-windows-x86_64 0.1.2 11.00 56.00 67.00 OK

Check Details

Version: 0.1.2
Check: CRAN incoming feasibility
Result: NOTE Maintainer: ‘Garritt L. Page <page@stat.byu.edu>’ The Description field contains S; (2020) <arXiv:2012.11767>. Both the parametric and semi-parametric Please refer to arXiv e-prints via their arXiv DOI <doi:10.48550/arXiv.YYMM.NNNNN>. Flavors: r-devel-linux-x86_64-debian-clang, r-devel-linux-x86_64-debian-gcc

Version: 0.1.2
Check: package dependencies
Result: NOTE Package suggested but not available for checking: ‘INLA’ Flavors: r-oldrel-macos-arm64, r-oldrel-macos-x86_64