CRAN Package Check Results for Package dyads

Last updated on 2025-10-26 09:49:54 CET.

Flavor Version Tinstall Tcheck Ttotal Status Flags
r-devel-linux-x86_64-debian-clang 1.2.1 7.34 64.57 71.91 NOTE
r-devel-linux-x86_64-debian-gcc 1.2.1 4.93 42.27 47.20 NOTE
r-devel-linux-x86_64-fedora-clang 1.2.1 31.00 90.77 121.77 OK
r-devel-linux-x86_64-fedora-gcc 1.2.1 15.00 93.15 108.15 OK
r-devel-windows-x86_64 1.2.1 8.00 71.00 79.00 OK
r-patched-linux-x86_64 1.2.1 7.10 60.11 67.21 OK
r-release-linux-x86_64 1.2.1 7.52 59.36 66.88 OK
r-release-macos-arm64 1.2.1 3.00 31.00 34.00 OK
r-release-macos-x86_64 1.2.1 7.00 55.00 62.00 OK
r-release-windows-x86_64 1.2.1 10.00 70.00 80.00 OK
r-oldrel-macos-arm64 1.2.1 4.00 26.00 30.00 OK
r-oldrel-macos-x86_64 1.2.1 5.00 41.00 46.00 OK
r-oldrel-windows-x86_64 1.2.1 13.00 90.00 103.00 OK

Check Details

Version: 1.2.1
Check: CRAN incoming feasibility
Result: NOTE Maintainer: ‘Bonne J.H. Zijlstra <B.J.H.Zijlstra@uva.nl>’ No Authors@R field in DESCRIPTION. Please add one, modifying Authors@R: person(given = c("Bonne", "J.H."), family = "Zijlstra", role = c("aut", "cre"), email = "B.J.H.Zijlstra@uva.nl") as necessary. Flavors: r-devel-linux-x86_64-debian-clang, r-devel-linux-x86_64-debian-gcc