Last updated on 2025-10-25 21:49:38 CEST.
| Flavor | Version | Tinstall | Tcheck | Ttotal | Status | Flags |
|---|---|---|---|---|---|---|
| r-devel-linux-x86_64-debian-clang | 2.0.9 | 1.87 | 526.69 | 528.56 | NOTE | |
| r-devel-linux-x86_64-debian-gcc | 2.0.9 | 1.75 | 269.11 | 270.86 | NOTE | |
| r-devel-linux-x86_64-fedora-clang | 2.0.9 | 927.63 | NOTE | |||
| r-devel-linux-x86_64-fedora-gcc | 2.0.9 | 853.41 | NOTE | |||
| r-devel-windows-x86_64 | 2.0.9 | 4.00 | 376.00 | 380.00 | NOTE | |
| r-patched-linux-x86_64 | 2.0.9 | 2.38 | 514.81 | 517.19 | NOTE | |
| r-release-linux-x86_64 | 2.0.9 | 1.87 | 520.65 | 522.52 | NOTE | |
| r-release-macos-arm64 | 2.0.9 | 1.00 | 170.00 | 171.00 | NOTE | |
| r-release-macos-x86_64 | 2.0.9 | 2.00 | 397.00 | 399.00 | NOTE | |
| r-release-windows-x86_64 | 2.0.9 | 4.00 | 386.00 | 390.00 | NOTE | |
| r-oldrel-macos-arm64 | 2.0.9 | 1.00 | 152.00 | 153.00 | NOTE | |
| r-oldrel-macos-x86_64 | 2.0.9 | 2.00 | 292.00 | 294.00 | NOTE | |
| r-oldrel-windows-x86_64 | 2.0.9 | 5.00 | 625.00 | 630.00 | NOTE |
Version: 2.0.9
Check: Rd files
Result: NOTE
checkRd: (-1) dtangle.Rd:60: Lost braces in \itemize; meant \describe ?
checkRd: (-1) dtangle.Rd:61: Lost braces in \itemize; meant \describe ?
checkRd: (-1) dtangle.Rd:62: Lost braces in \itemize; meant \describe ?
checkRd: (-1) dtangle.Rd:63: Lost braces in \itemize; meant \describe ?
checkRd: (-1) dtangle.Rd:75: Lost braces in \itemize; \value handles \item{}{} directly
checkRd: (-1) dtangle.Rd:76: Lost braces in \itemize; \value handles \item{}{} directly
checkRd: (-1) dtangle.Rd:77: Lost braces in \itemize; \value handles \item{}{} directly
checkRd: (-1) dtangle.Rd:78: Lost braces in \itemize; \value handles \item{}{} directly
checkRd: (-1) dtangle2.Rd:50: Lost braces in \itemize; meant \describe ?
checkRd: (-1) dtangle2.Rd:51: Lost braces in \itemize; meant \describe ?
checkRd: (-1) dtangle2.Rd:52: Lost braces in \itemize; meant \describe ?
checkRd: (-1) dtangle2.Rd:53: Lost braces in \itemize; meant \describe ?
checkRd: (-1) dtangle2.Rd:115: Lost braces in \itemize; \value handles \item{}{} directly
checkRd: (-1) dtangle2.Rd:116: Lost braces in \itemize; \value handles \item{}{} directly
checkRd: (-1) dtangle2.Rd:117: Lost braces in \itemize; \value handles \item{}{} directly
checkRd: (-1) dtangle2.Rd:118: Lost braces in \itemize; \value handles \item{}{} directly
checkRd: (-1) dtangle2.Rd:119-121: Lost braces in \itemize; \value handles \item{}{} directly
checkRd: (-1) find_markers.Rd:47: Lost braces in \itemize; meant \describe ?
checkRd: (-1) find_markers.Rd:48: Lost braces in \itemize; meant \describe ?
checkRd: (-1) find_markers.Rd:49: Lost braces in \itemize; meant \describe ?
checkRd: (-1) find_markers.Rd:50: Lost braces in \itemize; meant \describe ?
checkRd: (-1) process_markers.Rd:53: Lost braces in \itemize; meant \describe ?
checkRd: (-1) process_markers.Rd:54: Lost braces in \itemize; meant \describe ?
checkRd: (-1) process_markers.Rd:55: Lost braces in \itemize; meant \describe ?
checkRd: (-1) process_markers.Rd:56: Lost braces in \itemize; meant \describe ?
Flavors: r-devel-linux-x86_64-debian-clang, r-devel-linux-x86_64-debian-gcc, r-devel-linux-x86_64-fedora-clang, r-devel-linux-x86_64-fedora-gcc, r-devel-windows-x86_64, r-patched-linux-x86_64, r-release-linux-x86_64, r-release-macos-arm64, r-release-macos-x86_64, r-release-windows-x86_64, r-oldrel-macos-arm64, r-oldrel-macos-x86_64, r-oldrel-windows-x86_64