Last updated on 2025-10-25 13:48:35 CEST.
| Flavor | Version | Tinstall | Tcheck | Ttotal | Status | Flags |
|---|---|---|---|---|---|---|
| r-devel-linux-x86_64-debian-clang | 1.0.2 | 2.91 | 45.08 | 47.99 | OK | |
| r-devel-linux-x86_64-debian-gcc | 1.0.2 | 2.12 | 32.74 | 34.86 | OK | |
| r-devel-linux-x86_64-fedora-clang | 1.0.2 | 75.53 | OK | |||
| r-devel-linux-x86_64-fedora-gcc | 1.0.2 | 659.76 | OK | |||
| r-devel-windows-x86_64 | 1.0.2 | 4.00 | 67.00 | 71.00 | OK | |
| r-patched-linux-x86_64 | 1.0.2 | 3.06 | 41.77 | 44.83 | OK | |
| r-release-linux-x86_64 | 1.0.2 | 2.92 | 41.43 | 44.35 | OK | |
| r-release-macos-arm64 | 1.0.2 | 2.00 | 395.00 | 397.00 | OK | |
| r-release-macos-x86_64 | 1.0.2 | 3.00 | 913.00 | 916.00 | OK | |
| r-release-windows-x86_64 | 1.0.2 | 5.00 | 70.00 | 75.00 | OK | |
| r-oldrel-macos-arm64 | 1.0.2 | 2.00 | 226.00 | 228.00 | NOTE | |
| r-oldrel-macos-x86_64 | 1.0.2 | 4.00 | 514.00 | 518.00 | NOTE | |
| r-oldrel-windows-x86_64 | 1.0.2 | 6.00 | 84.00 | 90.00 | NOTE |
Version: 1.0.2
Check: package dependencies
Result: NOTE
Packages suggested but not available for checking: 'dsBase', 'dsBaseClient'
Flavors: r-oldrel-macos-arm64, r-oldrel-macos-x86_64
Version: 1.0.2
Check: package dependencies
Result: NOTE
Package suggested but not available for checking: 'dsBaseClient'
Flavor: r-oldrel-windows-x86_64