Last updated on 2025-10-26 13:49:54 CET.
| Flavor | Version | Tinstall | Tcheck | Ttotal | Status | Flags |
|---|---|---|---|---|---|---|
| r-devel-linux-x86_64-debian-clang | 1.0.1 | 8.85 | 92.58 | 101.43 | NOTE | |
| r-devel-linux-x86_64-debian-gcc | 1.0.1 | 7.28 | 65.43 | 72.71 | NOTE | |
| r-devel-linux-x86_64-fedora-clang | 1.0.1 | 32.00 | 131.72 | 163.72 | NOTE | |
| r-devel-linux-x86_64-fedora-gcc | 1.0.1 | 20.00 | 127.06 | 147.06 | NOTE | |
| r-devel-windows-x86_64 | 1.0.1 | 11.00 | 156.00 | 167.00 | NOTE | |
| r-patched-linux-x86_64 | 1.0.1 | 9.91 | 86.54 | 96.45 | NOTE | |
| r-release-linux-x86_64 | 1.0.1 | 8.54 | 86.99 | 95.53 | NOTE | |
| r-release-macos-arm64 | 1.0.1 | 4.00 | 60.00 | 64.00 | NOTE | |
| r-release-macos-x86_64 | 1.0.1 | 7.00 | 106.00 | 113.00 | NOTE | |
| r-release-windows-x86_64 | 1.0.1 | 12.00 | 156.00 | 168.00 | NOTE | |
| r-oldrel-macos-arm64 | 1.0.1 | 4.00 | 55.00 | 59.00 | NOTE | |
| r-oldrel-macos-x86_64 | 1.0.1 | 6.00 | 85.00 | 91.00 | NOTE | |
| r-oldrel-windows-x86_64 | 1.0.1 | 15.00 | 210.00 | 225.00 | NOTE |
Version: 1.0.1
Check: package subdirectories
Result: NOTE
Problems with news in ‘NEWS.md’:
No news entries found.
Flavors: r-devel-linux-x86_64-debian-clang, r-devel-linux-x86_64-debian-gcc, r-devel-linux-x86_64-fedora-clang, r-devel-linux-x86_64-fedora-gcc, r-devel-windows-x86_64, r-patched-linux-x86_64, r-release-linux-x86_64, r-release-macos-arm64, r-release-macos-x86_64, r-release-windows-x86_64, r-oldrel-macos-arm64, r-oldrel-macos-x86_64, r-oldrel-windows-x86_64