Last updated on 2025-07-13 05:48:27 CEST.
Flavor | Version | Tinstall | Tcheck | Ttotal | Status | Flags |
---|---|---|---|---|---|---|
r-devel-linux-x86_64-debian-clang | 0.4.1 | 2.00 | 42.81 | 44.81 | OK | |
r-devel-linux-x86_64-debian-gcc | 0.5.0 | 1.51 | 32.60 | 34.11 | OK | |
r-devel-linux-x86_64-fedora-clang | 0.4.1 | 75.45 | OK | |||
r-devel-linux-x86_64-fedora-gcc | 0.5.0 | 84.81 | OK | |||
r-devel-windows-x86_64 | 0.4.1 | 5.00 | 62.00 | 67.00 | OK | |
r-patched-linux-x86_64 | 0.4.1 | 2.09 | 41.16 | 43.25 | OK | |
r-release-linux-x86_64 | 0.5.0 | 2.00 | 38.11 | 40.11 | OK | |
r-release-macos-arm64 | 0.4.1 | 35.00 | OK | |||
r-release-macos-x86_64 | 0.4.1 | 62.00 | OK | |||
r-release-windows-x86_64 | 0.5.0 | 5.00 | 73.00 | 78.00 | OK | |
r-oldrel-macos-arm64 | 0.4.1 | 38.00 | NOTE | |||
r-oldrel-macos-x86_64 | 0.4.1 | 56.00 | NOTE | |||
r-oldrel-windows-x86_64 | 0.4.1 | 6.00 | 72.00 | 78.00 | NOTE |
Version: 0.4.1
Check: installed package size
Result: NOTE
installed size is 5.4Mb
sub-directories of 1Mb or more:
assets 2.9Mb
doc 2.2Mb
Flavors: r-oldrel-macos-arm64, r-oldrel-macos-x86_64, r-oldrel-windows-x86_64