Last updated on 2025-10-25 17:48:35 CEST.
| Flavor | Version | Tinstall | Tcheck | Ttotal | Status | Flags |
|---|---|---|---|---|---|---|
| r-devel-linux-x86_64-debian-clang | 1.1.0 | 392.70 | 144.33 | 537.03 | OK | |
| r-devel-linux-x86_64-debian-gcc | 1.1.0 | 327.83 | 122.35 | 450.18 | OK | |
| r-devel-linux-x86_64-fedora-clang | 1.1.0 | 780.00 | 152.74 | 932.74 | OK | |
| r-devel-linux-x86_64-fedora-gcc | 1.1.0 | 493.00 | 546.23 | 1039.23 | OK | |
| r-devel-windows-x86_64 | 1.1.0 | 383.00 | 186.00 | 569.00 | OK | |
| r-patched-linux-x86_64 | 1.1.0 | 431.64 | 169.22 | 600.86 | OK | |
| r-release-linux-x86_64 | 1.1.0 | 438.97 | 168.98 | 607.95 | OK | |
| r-release-macos-arm64 | 1.1.0 | 147.00 | 45.00 | 192.00 | OK | |
| r-release-macos-x86_64 | 1.1.0 | 151.00 | 116.00 | 267.00 | OK | |
| r-release-windows-x86_64 | 1.1.0 | 414.00 | 186.00 | 600.00 | OK | |
| r-oldrel-macos-arm64 | 1.1.0 | 149.00 | 60.00 | 209.00 | NOTE | |
| r-oldrel-macos-x86_64 | 1.1.0 | 144.00 | 124.00 | 268.00 | NOTE | |
| r-oldrel-windows-x86_64 | 1.1.0 | 476.00 | 239.00 | 715.00 | NOTE |
Version: 1.1.0
Check: installed package size
Result: NOTE
installed size is 51.6Mb
sub-directories of 1Mb or more:
data 2.8Mb
libs 47.8Mb
Flavors: r-oldrel-macos-arm64, r-oldrel-macos-x86_64, r-oldrel-windows-x86_64