Last updated on 2025-10-26 13:49:54 CET.
| Flavor | Version | Tinstall | Tcheck | Ttotal | Status | Flags |
|---|---|---|---|---|---|---|
| r-devel-linux-x86_64-debian-clang | 2.0.6 | 23.73 | 247.96 | 271.69 | OK | |
| r-devel-linux-x86_64-debian-gcc | 2.0.6 | 14.64 | 150.87 | 165.51 | OK | |
| r-devel-linux-x86_64-fedora-clang | 2.0.6 | 72.00 | 373.60 | 445.60 | OK | |
| r-devel-linux-x86_64-fedora-gcc | 2.0.6 | 63.00 | 714.07 | 777.07 | OK | |
| r-devel-windows-x86_64 | 2.0.6 | 24.00 | 199.00 | 223.00 | OK | |
| r-patched-linux-x86_64 | 2.0.6 | 21.97 | 235.13 | 257.10 | OK | |
| r-release-linux-x86_64 | 2.0.6 | 21.61 | 235.76 | 257.37 | OK | |
| r-release-macos-arm64 | 2.0.6 | 7.00 | 91.00 | 98.00 | OK | |
| r-release-macos-x86_64 | 2.0.6 | 22.00 | 198.00 | 220.00 | OK | |
| r-release-windows-x86_64 | 2.0.6 | 24.00 | 201.00 | 225.00 | OK | |
| r-oldrel-macos-arm64 | 2.0.6 | 8.00 | 80.00 | 88.00 | NOTE | |
| r-oldrel-macos-x86_64 | 2.0.6 | 15.00 | 138.00 | 153.00 | NOTE | |
| r-oldrel-windows-x86_64 | 2.0.6 | 36.00 | 291.00 | 327.00 | OK |
Version: 2.0.6
Check: package dependencies
Result: NOTE
Package which this enhances but not available for checking: ‘INLA’
Flavors: r-oldrel-macos-arm64, r-oldrel-macos-x86_64