Last updated on 2025-10-25 17:48:35 CEST.
| Flavor | Version | Tinstall | Tcheck | Ttotal | Status | Flags |
|---|---|---|---|---|---|---|
| r-devel-linux-x86_64-debian-clang | 0.0.1 | 1.96 | 40.56 | 42.52 | OK | |
| r-devel-linux-x86_64-debian-gcc | 0.0.1 | 1.70 | 29.45 | 31.15 | OK | |
| r-devel-linux-x86_64-fedora-clang | 0.0.1 | 68.89 | NOTE | |||
| r-devel-linux-x86_64-fedora-gcc | 0.0.1 | 78.81 | NOTE | |||
| r-devel-windows-x86_64 | 0.0.1 | 4.00 | 61.00 | 65.00 | OK | |
| r-patched-linux-x86_64 | 0.0.1 | 2.22 | 38.47 | 40.69 | OK | |
| r-release-linux-x86_64 | 0.0.1 | 1.99 | 38.26 | 40.25 | OK | |
| r-release-macos-arm64 | 0.0.1 | 1.00 | 31.00 | 32.00 | OK | |
| r-release-macos-x86_64 | 0.0.1 | 2.00 | 55.00 | 57.00 | OK | |
| r-release-windows-x86_64 | 0.0.1 | 6.00 | 63.00 | 69.00 | OK | |
| r-oldrel-macos-arm64 | 0.0.1 | 1.00 | 30.00 | 31.00 | OK | |
| r-oldrel-macos-x86_64 | 0.0.1 | 2.00 | 44.00 | 46.00 | OK | |
| r-oldrel-windows-x86_64 | 0.0.1 | 6.00 | 75.00 | 81.00 | OK |
Version: 0.0.1
Check: dependencies in R code
Result: NOTE
Namespaces in Imports field not imported from:
‘dplyr’ ‘readr’
All declared Imports should be used.
Flavors: r-devel-linux-x86_64-fedora-clang, r-devel-linux-x86_64-fedora-gcc