Last updated on 2025-10-25 13:48:34 CEST.
| Flavor | Version | Tinstall | Tcheck | Ttotal | Status | Flags |
|---|---|---|---|---|---|---|
| r-devel-linux-x86_64-debian-clang | 1.2.0 | 3.27 | 39.21 | 42.48 | OK | |
| r-devel-linux-x86_64-debian-gcc | 1.2.0 | 2.69 | 27.12 | 29.81 | OK | |
| r-devel-linux-x86_64-fedora-clang | 1.2.0 | 68.16 | OK | |||
| r-devel-linux-x86_64-fedora-gcc | 1.2.0 | 13.00 | 51.80 | 64.80 | OK | |
| r-devel-windows-x86_64 | 1.1.0 | 4.00 | 53.00 | 57.00 | OK | |
| r-patched-linux-x86_64 | 1.1.0 | 3.90 | 34.60 | 38.50 | OK | |
| r-release-linux-x86_64 | 1.1.0 | 3.54 | 34.83 | 38.37 | OK | |
| r-release-macos-arm64 | 1.2.0 | 2.00 | 19.00 | 21.00 | OK | |
| r-release-macos-x86_64 | 1.2.0 | 4.00 | 62.00 | 66.00 | OK | |
| r-release-windows-x86_64 | 1.1.0 | 6.00 | 57.00 | 63.00 | OK | |
| r-oldrel-macos-arm64 | 1.2.0 | 2.00 | 23.00 | 25.00 | NOTE | |
| r-oldrel-macos-x86_64 | 1.2.0 | 3.00 | 68.00 | 71.00 | NOTE | |
| r-oldrel-windows-x86_64 | 1.2.0 | 6.00 | 64.00 | 70.00 | NOTE |
Version: 1.2.0
Check: package dependencies
Result: NOTE
Package suggested but not available for checking: ‘gurobi’
Flavors: r-oldrel-macos-arm64, r-oldrel-macos-x86_64, r-oldrel-windows-x86_64