Last updated on 2025-10-26 01:49:47 CEST.
| Flavor | Version | Tinstall | Tcheck | Ttotal | Status | Flags |
|---|---|---|---|---|---|---|
| r-devel-linux-x86_64-debian-clang | 0.2.0 | 1.52 | 20.96 | 22.48 | OK | |
| r-devel-linux-x86_64-debian-gcc | 0.2.0 | 1.39 | 17.74 | 19.13 | OK | |
| r-devel-linux-x86_64-fedora-clang | 0.2.0 | 31.22 | OK | |||
| r-devel-linux-x86_64-fedora-gcc | 0.2.0 | 29.40 | OK | |||
| r-devel-windows-x86_64 | 0.2.0 | 2.00 | 38.00 | 40.00 | OK | |
| r-patched-linux-x86_64 | 0.2.0 | 1.35 | 18.48 | 19.83 | OK | |
| r-release-linux-x86_64 | 0.2.0 | 1.36 | 18.63 | 19.99 | OK | |
| r-release-macos-arm64 | 0.2.0 | 1.00 | 15.00 | 16.00 | OK | |
| r-release-macos-x86_64 | 0.2.0 | 1.00 | 22.00 | 23.00 | OK | |
| r-release-windows-x86_64 | 0.2.0 | 3.00 | 39.00 | 42.00 | OK | |
| r-oldrel-macos-arm64 | 0.2.0 | 1.00 | 14.00 | 15.00 | NOTE | |
| r-oldrel-macos-x86_64 | 0.2.0 | 1.00 | 21.00 | 22.00 | NOTE | |
| r-oldrel-windows-x86_64 | 0.2.0 | 3.00 | 46.00 | 49.00 | NOTE |
Version: 0.2.0
Check: LazyData
Result: NOTE
'LazyData' is specified without a 'data' directory
Flavors: r-oldrel-macos-arm64, r-oldrel-macos-x86_64, r-oldrel-windows-x86_64