Last updated on 2025-10-26 01:49:47 CEST.
| Flavor | Version | Tinstall | Tcheck | Ttotal | Status | Flags |
|---|---|---|---|---|---|---|
| r-devel-linux-x86_64-debian-clang | 0.0.1 | 19.73 | 66.95 | 86.68 | NOTE | |
| r-devel-linux-x86_64-debian-gcc | 0.0.1 | 12.27 | 51.92 | 64.19 | NOTE | |
| r-devel-linux-x86_64-fedora-clang | 0.0.1 | 56.00 | 83.79 | 139.79 | OK | |
| r-devel-linux-x86_64-fedora-gcc | 0.0.1 | 40.00 | 87.81 | 127.81 | OK | |
| r-devel-windows-x86_64 | 0.0.1 | 23.00 | 92.00 | 115.00 | OK | |
| r-patched-linux-x86_64 | 0.0.1 | 18.99 | 64.91 | 83.90 | OK | |
| r-release-linux-x86_64 | 0.0.1 | 18.54 | 65.07 | 83.61 | OK | |
| r-release-macos-arm64 | 0.0.1 | 9.00 | 33.00 | 42.00 | OK | |
| r-release-macos-x86_64 | 0.0.1 | 20.00 | 61.00 | 81.00 | OK | |
| r-release-windows-x86_64 | 0.0.1 | 23.00 | 95.00 | 118.00 | OK | |
| r-oldrel-macos-arm64 | 0.0.1 | 8.00 | 31.00 | 39.00 | NOTE | |
| r-oldrel-macos-x86_64 | 0.0.1 | 12.00 | 49.00 | 61.00 | NOTE | |
| r-oldrel-windows-x86_64 | 0.0.1 | 29.00 | 116.00 | 145.00 | NOTE |
Version: 0.0.1
Check: CRAN incoming feasibility
Result: NOTE
Maintainer: ‘Eckhard Liebscher <eckhard.liebscher@hs-merseburg.de>’
No Authors@R field in DESCRIPTION.
Please add one, modifying
Authors@R: person(given = "Eckhard",
family = "Liebscher",
role = c("aut", "cre"),
email = "eckhard.liebscher@hs-merseburg.de")
as necessary.
Flavors: r-devel-linux-x86_64-debian-clang, r-devel-linux-x86_64-debian-gcc
Version: 0.0.1
Check: LazyData
Result: NOTE
'LazyData' is specified without a 'data' directory
Flavors: r-oldrel-macos-arm64, r-oldrel-macos-x86_64, r-oldrel-windows-x86_64