Last updated on 2025-10-26 17:50:32 CET.
| Flavor | Version | Tinstall | Tcheck | Ttotal | Status | Flags |
|---|---|---|---|---|---|---|
| r-devel-linux-x86_64-debian-clang | 0.2.0 | 10.08 | 67.61 | 77.69 | NOTE | |
| r-devel-linux-x86_64-debian-gcc | 0.2.0 | 8.32 | 51.26 | 59.58 | NOTE | |
| r-devel-linux-x86_64-fedora-clang | 0.2.0 | 26.00 | 95.97 | 121.97 | OK | |
| r-devel-linux-x86_64-fedora-gcc | 0.2.0 | 24.00 | 105.80 | 129.80 | OK | |
| r-devel-windows-x86_64 | 0.2.0 | 13.00 | 84.00 | 97.00 | OK | |
| r-patched-linux-x86_64 | 0.2.0 | 10.66 | 65.14 | 75.80 | OK | |
| r-release-linux-x86_64 | 0.2.0 | 10.18 | 64.93 | 75.11 | OK | |
| r-release-macos-arm64 | 0.2.0 | 8.00 | 55.00 | 63.00 | OK | |
| r-release-macos-x86_64 | 0.2.0 | 11.00 | 83.00 | 94.00 | OK | |
| r-release-windows-x86_64 | 0.2.0 | 13.00 | 85.00 | 98.00 | OK | |
| r-oldrel-macos-arm64 | 0.2.0 | 6.00 | 43.00 | 49.00 | OK | |
| r-oldrel-macos-x86_64 | 0.2.0 | 9.00 | 72.00 | 81.00 | OK | |
| r-oldrel-windows-x86_64 | 0.2.0 | 17.00 | 109.00 | 126.00 | OK |
Version: 0.2.0
Check: CRAN incoming feasibility
Result: NOTE
Maintainer: ‘James Ware <j.ware@imperial.ac.uk>’
Found the following URLs which should use \doi (with the DOI name only):
File ‘fmrpGenes.Rd’:
http://dx.doi.org/10.1016/j.cell.2011.06.013
Flavors: r-devel-linux-x86_64-debian-clang, r-devel-linux-x86_64-debian-gcc