Last updated on 2025-10-26 13:49:53 CET.
| Flavor | Version | Tinstall | Tcheck | Ttotal | Status | Flags | 
|---|---|---|---|---|---|---|
| r-devel-linux-x86_64-debian-clang | 0.2.1 | 3.93 | 28.07 | 32.00 | NOTE | |
| r-devel-linux-x86_64-debian-gcc | 0.2.1 | 2.42 | 22.28 | 24.70 | NOTE | |
| r-devel-linux-x86_64-fedora-clang | 0.2.1 | 48.52 | OK | |||
| r-devel-linux-x86_64-fedora-gcc | 0.2.1 | 44.79 | OK | |||
| r-devel-windows-x86_64 | 0.2.1 | 4.00 | 48.00 | 52.00 | OK | |
| r-patched-linux-x86_64 | 0.2.1 | 3.46 | 26.34 | 29.80 | OK | |
| r-release-linux-x86_64 | 0.2.1 | 3.29 | 26.90 | 30.19 | OK | |
| r-release-macos-arm64 | 0.2.1 | 2.00 | 16.00 | 18.00 | OK | |
| r-release-macos-x86_64 | 0.2.1 | 4.00 | 27.00 | 31.00 | OK | |
| r-release-windows-x86_64 | 0.2.1 | 6.00 | 50.00 | 56.00 | OK | |
| r-oldrel-macos-arm64 | 0.2.1 | 2.00 | 15.00 | 17.00 | OK | |
| r-oldrel-macos-x86_64 | 0.2.1 | 3.00 | 25.00 | 28.00 | OK | |
| r-oldrel-windows-x86_64 | 0.2.1 | 8.00 | 54.00 | 62.00 | OK | 
Version: 0.2.1
Check: CRAN incoming feasibility
Result: NOTE
  Maintainer: ‘Suren Rathnayake <surenr@gmail.com>’
  
  No Authors@R field in DESCRIPTION.
  Please add one, modifying
    Authors@R: c(person(given = "Cinzia",
                        family = "Viroli",
                        role = "aut"),
                 person(given = c("Geoffrey", "J."),
                        family = "McLachlan",
                        role = "aut"),
                 person(given = "Suren",
                        family = "Rathnayake",
                        role = "cre",
                        email = "surenr@gmail.com"))
  as necessary.
Flavors: r-devel-linux-x86_64-debian-clang, r-devel-linux-x86_64-debian-gcc